{"id":2180,"date":"2019-11-03T19:25:18","date_gmt":"2019-11-03T17:25:18","guid":{"rendered":"https:\/\/iem-emergencia.cat\/?post_type=tribe_events&amp;p=2180"},"modified":"2019-11-03T19:25:18","modified_gmt":"2019-11-03T17:25:18","slug":"movilizacion-e-inmobilizacion-de-heridos","status":"publish","type":"tribe_events","link":"https:\/\/web.iem-emergencia.com\/es\/event\/movilizacion-e-inmobilizacion-de-heridos\/","title":{"rendered":"Movilizaci\u00f3n e inmobilizaci\u00f3n de heridos"},"content":{"rendered":"<p>\u2022 Movilizaci\u00f3n e inmovilizaci\u00f3n del paciente traum\u00e1tico<br \/>\n\u2022 Puentes: simple, holandes, roll on reglado\/ roll on de fortuna<br \/>\n\u2022 Maniobra Rauteck<br \/>\n\u2022 Extracci\u00f3n reglada de veh\u00edculos<br \/>\n\u2022 Manejo litera de cuchara y colch\u00f3n de vacio<br \/>\n\u2022 Extracci\u00f3n casco y colocaci\u00f3n collar\u00edn cervical<br \/>\n\u2022 Dispositivo de extracci\u00f3n de Kendrich<\/p>\n","protected":false},"excerpt":{"rendered":"<p>\u2022 Movilizaci\u00f3n e inmovilizaci\u00f3n del paciente traum\u00e1tico \u2022 Puentes: simple, holandes, roll on reglado\/ roll on de fortuna \u2022 Maniobra Rauteck \u2022 Extracci\u00f3n reglada de veh\u00edculos \u2022 Manejo litera de [&hellip;]<\/p>\n","protected":false},"author":1,"featured_media":2187,"template":"","meta":{"_et_pb_use_builder":"","_et_pb_old_content":"","_et_gb_content_width":"","_tribe_events_status":"","_tribe_events_status_reason":"","_tribe_events_is_hybrid":"","_tribe_events_is_virtual":"","_tribe_events_virtual_video_source":"","_tribe_events_virtual_embed_video":"","_tribe_events_virtual_linked_button_text":"","_tribe_events_virtual_linked_button":"","_tribe_events_virtual_show_embed_at":"","_tribe_events_virtual_show_embed_to":[],"_tribe_events_virtual_show_on_event":"","_tribe_events_virtual_show_on_views":"","_tribe_events_virtual_url":"","footnotes":""},"tags":[56],"tribe_events_cat":[13,24],"class_list":["post-2180","tribe_events","type-tribe_events","status-publish","has-post-thumbnail","hentry","tag-movilizacion","tribe_events_cat-presencial","tribe_events_cat-urgencias-traumaticas","cat_presencial","cat_urgencias-traumaticas"],"_links":{"self":[{"href":"https:\/\/web.iem-emergencia.com\/es\/wp-json\/wp\/v2\/tribe_events\/2180","targetHints":{"allow":["GET"]}}],"collection":[{"href":"https:\/\/web.iem-emergencia.com\/es\/wp-json\/wp\/v2\/tribe_events"}],"about":[{"href":"https:\/\/web.iem-emergencia.com\/es\/wp-json\/wp\/v2\/types\/tribe_events"}],"author":[{"embeddable":true,"href":"https:\/\/web.iem-emergencia.com\/es\/wp-json\/wp\/v2\/users\/1"}],"version-history":[{"count":0,"href":"https:\/\/web.iem-emergencia.com\/es\/wp-json\/wp\/v2\/tribe_events\/2180\/revisions"}],"wp:featuredmedia":[{"embeddable":true,"href":"https:\/\/web.iem-emergencia.com\/es\/wp-json\/"}],"wp:attachment":[{"href":"https:\/\/web.iem-emergencia.com\/es\/wp-json\/wp\/v2\/media?parent=2180"}],"wp:term":[{"taxonomy":"post_tag","embeddable":true,"href":"https:\/\/web.iem-emergencia.com\/es\/wp-json\/wp\/v2\/tags?post=2180"},{"taxonomy":"tribe_events_cat","embeddable":true,"href":"https:\/\/web.iem-emergencia.com\/es\/wp-json\/wp\/v2\/tribe_events_cat?post=2180"}],"curies":[{"name":"wp","href":"https:\/\/api.w.org\/{rel}","templated":true}]}}

Movilización e inmobilización de heridos

<p>• Movilización e inmovilización del paciente traumático<br />
• Puentes: simple, holandes, roll on reglado/ roll on de fortuna<br />
• Maniobra Rauteck<br />
• Extracción reglada de vehículos<br />
• Manejo litera de cuchara y colchón de vacio<br />
• Extracción casco y colocación collarín cervical<br />
• Dispositivo de extracción de Kendrich</p>

<p>• Movilización e inmovilización del paciente traumático • Puentes: simple, holandes, roll on reglado/ roll on de fortuna • Maniobra Rauteck • Extracción reglada de vehículos • Manejo litera de [&hellip;]</p>
