{"id":2171,"date":"2019-11-03T19:18:07","date_gmt":"2019-11-03T17:18:07","guid":{"rendered":"https:\/\/iem-emergencia.cat\/?post_type=tribe_events&amp;p=2171"},"modified":"2019-11-03T19:18:07","modified_gmt":"2019-11-03T17:18:07","slug":"traumatismo-craneoencefalico","status":"publish","type":"tribe_events","link":"https:\/\/web.iem-emergencia.com\/es\/event\/traumatismo-craneoencefalico\/","title":{"rendered":"Traumatismo craneoencef\u00e1lico"},"content":{"rendered":"<p>\u2022 Presentaci\u00f3n y objetivos de la sesi\u00f3n. Epidemiolog\u00eda y tipos de TCE<br \/>\n\u2022 Fisiopatolog\u00eda de las lesiones neurotraum\u00e1ticas. Lesiones primarias y secundarias. Ley de Monro-Kelly y concepto de herniaci\u00f3n cerebral<br \/>\n\u2022 Valoraci\u00f3n neurol\u00f3gica inicial de un paciente con un TCE<br \/>\n\u2022 Pauta de actuaci\u00f3n en UCIAS<br \/>\n\u2022 Diagn\u00f3stico radiol\u00f3gico de las lesiones neurotraum\u00e1ticas. Lesiones focales y difusas. La clasificaci\u00f3n del Traumatic Coma Data Bank<br \/>\n\u2022 Neuromonitorizaci\u00f3n en el paciente con un TCE grave<br \/>\n\u2022 Tratamiento de la hipertensi\u00f3n intracraneal I: Medidas generales y medidas de primer nivel<br \/>\n\u2022 Tratamiento de la hipertensi\u00f3n intracraneal II: Medidas de segundo nivel<br \/>\n\u2022 Tratamiento quir\u00fargico de las lesiones neurotraum\u00e1ticas<br \/>\n\u2022 Atenci\u00f3n Prehospitalaria al TCE<br \/>\n\u2022 C\u00f3digo PTT<\/p>\n","protected":false},"excerpt":{"rendered":"<p>\u2022 Presentaci\u00f3n y objetivos de la sesi\u00f3n. Epidemiolog\u00eda y tipos de TCE \u2022 Fisiopatolog\u00eda de las lesiones neurotraum\u00e1ticas. Lesiones primarias y secundarias. Ley de Monro-Kelly y concepto de herniaci\u00f3n cerebral [&hellip;]<\/p>\n","protected":false},"author":1,"featured_media":2178,"template":"","meta":{"_et_pb_use_builder":"","_et_pb_old_content":"","_et_gb_content_width":"","_tribe_events_status":"","_tribe_events_status_reason":"","_tribe_events_is_hybrid":"","_tribe_events_is_virtual":"","_tribe_events_virtual_video_source":"","_tribe_events_virtual_embed_video":"","_tribe_events_virtual_linked_button_text":"","_tribe_events_virtual_linked_button":"","_tribe_events_virtual_show_embed_at":"","_tribe_events_virtual_show_embed_to":[],"_tribe_events_virtual_show_on_event":"","_tribe_events_virtual_show_on_views":"","_tribe_events_virtual_url":"","footnotes":""},"tags":[55],"tribe_events_cat":[13,17,24],"class_list":["post-2171","tribe_events","type-tribe_events","status-publish","has-post-thumbnail","hentry","tag-tce","tribe_events_cat-presencial","tribe_events_cat-urgencias-medicas-y-quirurgicas","tribe_events_cat-urgencias-traumaticas","cat_presencial","cat_urgencias-medicas-y-quirurgicas","cat_urgencias-traumaticas"],"_links":{"self":[{"href":"https:\/\/web.iem-emergencia.com\/es\/wp-json\/wp\/v2\/tribe_events\/2171","targetHints":{"allow":["GET"]}}],"collection":[{"href":"https:\/\/web.iem-emergencia.com\/es\/wp-json\/wp\/v2\/tribe_events"}],"about":[{"href":"https:\/\/web.iem-emergencia.com\/es\/wp-json\/wp\/v2\/types\/tribe_events"}],"author":[{"embeddable":true,"href":"https:\/\/web.iem-emergencia.com\/es\/wp-json\/wp\/v2\/users\/1"}],"version-history":[{"count":0,"href":"https:\/\/web.iem-emergencia.com\/es\/wp-json\/wp\/v2\/tribe_events\/2171\/revisions"}],"wp:featuredmedia":[{"embeddable":true,"href":"https:\/\/web.iem-emergencia.com\/es\/wp-json\/"}],"wp:attachment":[{"href":"https:\/\/web.iem-emergencia.com\/es\/wp-json\/wp\/v2\/media?parent=2171"}],"wp:term":[{"taxonomy":"post_tag","embeddable":true,"href":"https:\/\/web.iem-emergencia.com\/es\/wp-json\/wp\/v2\/tags?post=2171"},{"taxonomy":"tribe_events_cat","embeddable":true,"href":"https:\/\/web.iem-emergencia.com\/es\/wp-json\/wp\/v2\/tribe_events_cat?post=2171"}],"curies":[{"name":"wp","href":"https:\/\/api.w.org\/{rel}","templated":true}]}}

Traumatismo craneoencefálico

<p>• Presentación y objetivos de la sesión. Epidemiología y tipos de TCE<br />
• Fisiopatología de las lesiones neurotraumáticas. Lesiones primarias y secundarias. Ley de Monro-Kelly y concepto de herniación cerebral<br />
• Valoración neurológica inicial de un paciente con un TCE<br />
• Pauta de actuación en UCIAS<br />
• Diagnóstico radiológico de las lesiones neurotraumáticas. Lesiones focales y difusas. La clasificación del Traumatic Coma Data Bank<br />
• Neuromonitorización en el paciente con un TCE grave<br />
• Tratamiento de la hipertensión intracraneal I: Medidas generales y medidas de primer nivel<br />
• Tratamiento de la hipertensión intracraneal II: Medidas de segundo nivel<br />
• Tratamiento quirúrgico de las lesiones neurotraumáticas<br />
• Atención Prehospitalaria al TCE<br />
• Código PTT</p>

<p>• Presentación y objetivos de la sesión. Epidemiología y tipos de TCE • Fisiopatología de las lesiones neurotraumáticas. Lesiones primarias y secundarias. Ley de Monro-Kelly y concepto de herniación cerebral [&hellip;]</p>
