{"id":2063,"date":"2019-11-03T17:48:00","date_gmt":"2019-11-03T15:48:00","guid":{"rendered":"https:\/\/iem-emergencia.cat\/?post_type=tribe_events&amp;p=2063"},"modified":"2019-11-03T17:48:00","modified_gmt":"2019-11-03T15:48:00","slug":"actuacion-ante-el-paciente-traumatico-adulto-y-pediatrico","status":"publish","type":"tribe_events","link":"https:\/\/web.iem-emergencia.com\/es\/event\/actuacion-ante-el-paciente-traumatico-adulto-y-pediatrico\/","title":{"rendered":"Actualizaci\u00f3n en urgencies y emergencias pedi\u00e1tricas"},"content":{"rendered":"<p>\u2022 Introducci\u00f3n: el tratamiento de las heridas a lo largo de la historia<br \/>\n\u2022 La piel y tejidos blandos: histolog\u00eda, estructuras y funciones<br \/>\n\u2022 La cicatrizaci\u00f3n: fases, factores que afectan el proceso de cicatrizaci\u00f3n<br \/>\n\u2022 Tipo de heridas agudas y su clasificaci\u00f3n: valoraci\u00f3n de una herida, elementos a valorar y criterios de gravedad<br \/>\n\u2022 Quemaduras leves: valoraci\u00f3n y clasificaci\u00f3n, criterios de manejo urgente y criterios de derivaci\u00f3n<br \/>\n\u2022 Cuidado en ambiente h\u00famedo: definici\u00f3n, caracter\u00edsticas y fundamentos biol\u00f3gicos<br \/>\n\u2022 Preparaci\u00f3n del lecho de la herida: concepto, acr\u00f3nimo TIME, objetivos, control de la carga bacteriana, uso de antis\u00e9pticos y antibi\u00f3ticos locales<br \/>\n\u2022 Cobertura de la herida: tipos de materiales: antis\u00e9pticos, pomadas y ap\u00f3sitos. Caracter\u00edsticas y criterios de elecci\u00f3n del material de curas.<br \/>\n\u2022 Cierre de heridas (por primera intenci\u00f3n): puntos de sutura, grapas, tiras adhesivas y adhesivos bio sint\u00e9ticos<br \/>\n\u2022 Fijaci\u00f3n de ap\u00f3sitos: materiales y t\u00e9cnicas de sujeci\u00f3n de ap\u00f3sitos<\/p>\n","protected":false},"excerpt":{"rendered":"<p>\u2022 Introducci\u00f3n: el tratamiento de las heridas a lo largo de la historia \u2022 La piel y tejidos blandos: histolog\u00eda, estructuras y funciones \u2022 La cicatrizaci\u00f3n: fases, factores que afectan [&hellip;]<\/p>\n","protected":false},"author":1,"featured_media":2069,"template":"","meta":{"_et_pb_use_builder":"","_et_pb_old_content":"","_et_gb_content_width":"","_tribe_events_status":"","_tribe_events_status_reason":"","_tribe_events_is_hybrid":"","_tribe_events_is_virtual":"","_tribe_events_virtual_video_source":"","_tribe_events_virtual_embed_video":"","_tribe_events_virtual_linked_button_text":"","_tribe_events_virtual_linked_button":"","_tribe_events_virtual_show_embed_at":"","_tribe_events_virtual_show_embed_to":[],"_tribe_events_virtual_show_on_event":"","_tribe_events_virtual_show_on_views":"","_tribe_events_virtual_url":"","footnotes":""},"tags":[45],"tribe_events_cat":[27,17,24],"class_list":["post-2063","tribe_events","type-tribe_events","status-publish","has-post-thumbnail","hentry","tag-traumatico","tribe_events_cat-on-line-presencial","tribe_events_cat-urgencias-medicas-y-quirurgicas","tribe_events_cat-urgencias-traumaticas","cat_on-line-presencial","cat_urgencias-medicas-y-quirurgicas","cat_urgencias-traumaticas"],"_links":{"self":[{"href":"https:\/\/web.iem-emergencia.com\/es\/wp-json\/wp\/v2\/tribe_events\/2063","targetHints":{"allow":["GET"]}}],"collection":[{"href":"https:\/\/web.iem-emergencia.com\/es\/wp-json\/wp\/v2\/tribe_events"}],"about":[{"href":"https:\/\/web.iem-emergencia.com\/es\/wp-json\/wp\/v2\/types\/tribe_events"}],"author":[{"embeddable":true,"href":"https:\/\/web.iem-emergencia.com\/es\/wp-json\/wp\/v2\/users\/1"}],"version-history":[{"count":0,"href":"https:\/\/web.iem-emergencia.com\/es\/wp-json\/wp\/v2\/tribe_events\/2063\/revisions"}],"wp:featuredmedia":[{"embeddable":true,"href":"https:\/\/web.iem-emergencia.com\/es\/wp-json\/"}],"wp:attachment":[{"href":"https:\/\/web.iem-emergencia.com\/es\/wp-json\/wp\/v2\/media?parent=2063"}],"wp:term":[{"taxonomy":"post_tag","embeddable":true,"href":"https:\/\/web.iem-emergencia.com\/es\/wp-json\/wp\/v2\/tags?post=2063"},{"taxonomy":"tribe_events_cat","embeddable":true,"href":"https:\/\/web.iem-emergencia.com\/es\/wp-json\/wp\/v2\/tribe_events_cat?post=2063"}],"curies":[{"name":"wp","href":"https:\/\/api.w.org\/{rel}","templated":true}]}}

Actualización en urgencies y emergencias pediátricas

<p>• Introducción: el tratamiento de las heridas a lo largo de la historia<br />
• La piel y tejidos blandos: histología, estructuras y funciones<br />
• La cicatrización: fases, factores que afectan el proceso de cicatrización<br />
• Tipo de heridas agudas y su clasificación: valoración de una herida, elementos a valorar y criterios de gravedad<br />
• Quemaduras leves: valoración y clasificación, criterios de manejo urgente y criterios de derivación<br />
• Cuidado en ambiente húmedo: definición, características y fundamentos biológicos<br />
• Preparación del lecho de la herida: concepto, acrónimo TIME, objetivos, control de la carga bacteriana, uso de antisépticos y antibióticos locales<br />
• Cobertura de la herida: tipos de materiales: antisépticos, pomadas y apósitos. Características y criterios de elección del material de curas.<br />
• Cierre de heridas (por primera intención): puntos de sutura, grapas, tiras adhesivas y adhesivos bio sintéticos<br />
• Fijación de apósitos: materiales y técnicas de sujeción de apósitos</p>

<p>• Introducción: el tratamiento de las heridas a lo largo de la historia • La piel y tejidos blandos: histología, estructuras y funciones • La cicatrización: fases, factores que afectan [&hellip;]</p>
