{"id":2042,"date":"2019-11-03T17:35:29","date_gmt":"2019-11-03T15:35:29","guid":{"rendered":"https:\/\/iem-emergencia.cat\/?post_type=tribe_events&amp;p=2042"},"modified":"2019-11-03T17:35:29","modified_gmt":"2019-11-03T15:35:29","slug":"radiologia-en-urgencias-y-emergencias","status":"publish","type":"tribe_events","link":"https:\/\/web.iem-emergencia.com\/es\/event\/radiologia-en-urgencias-y-emergencias\/","title":{"rendered":"Radiolog\u00eda en urgencias y emergencias"},"content":{"rendered":"<div class=\"descripcion-bloque\">\n<p>\u2022 Fases f\u00edsicas de radiolog\u00eda diagn\u00f3stica, instrumentaci\u00f3n, semiolog\u00eda y aplicaci\u00f3n sobre el t\u00f3rax<br \/>\n\u2022\u00a0Radiolog\u00eda del accidente vascular cerebral<br \/>\n\u2022\u00a0Radiolog\u00eda del traumatismo craneoencef\u00e1lico<\/p>\n<p>El alumno desarrollar\u00e1 destreza en la visualizaci\u00f3n de las principales patolog\u00edas sobre RX, TC, RMN<\/p>\n<\/div>\n","protected":false},"excerpt":{"rendered":"<p>\u2022 Fases f\u00edsicas de radiolog\u00eda diagn\u00f3stica, instrumentaci\u00f3n, semiolog\u00eda y aplicaci\u00f3n sobre el t\u00f3rax \u2022\u00a0Radiolog\u00eda del accidente vascular cerebral \u2022\u00a0Radiolog\u00eda del traumatismo craneoencef\u00e1lico El alumno desarrollar\u00e1 destreza en la visualizaci\u00f3n de [&hellip;]<\/p>\n","protected":false},"author":1,"featured_media":2050,"template":"","meta":{"_et_pb_use_builder":"","_et_pb_old_content":"","_et_gb_content_width":"","_tribe_events_status":"","_tribe_events_status_reason":"","_tribe_events_is_hybrid":"","_tribe_events_is_virtual":"","_tribe_events_virtual_video_source":"","_tribe_events_virtual_embed_video":"","_tribe_events_virtual_linked_button_text":"","_tribe_events_virtual_linked_button":"","_tribe_events_virtual_show_embed_at":"","_tribe_events_virtual_show_embed_to":[],"_tribe_events_virtual_show_on_event":"","_tribe_events_virtual_show_on_views":"","_tribe_events_virtual_url":"","footnotes":""},"tags":[43],"tribe_events_cat":[27,17,24],"class_list":["post-2042","tribe_events","type-tribe_events","status-publish","has-post-thumbnail","hentry","tag-radiologiaclinica","tribe_events_cat-on-line-presencial","tribe_events_cat-urgencias-medicas-y-quirurgicas","tribe_events_cat-urgencias-traumaticas","cat_on-line-presencial","cat_urgencias-medicas-y-quirurgicas","cat_urgencias-traumaticas"],"_links":{"self":[{"href":"https:\/\/web.iem-emergencia.com\/es\/wp-json\/wp\/v2\/tribe_events\/2042","targetHints":{"allow":["GET"]}}],"collection":[{"href":"https:\/\/web.iem-emergencia.com\/es\/wp-json\/wp\/v2\/tribe_events"}],"about":[{"href":"https:\/\/web.iem-emergencia.com\/es\/wp-json\/wp\/v2\/types\/tribe_events"}],"author":[{"embeddable":true,"href":"https:\/\/web.iem-emergencia.com\/es\/wp-json\/wp\/v2\/users\/1"}],"version-history":[{"count":0,"href":"https:\/\/web.iem-emergencia.com\/es\/wp-json\/wp\/v2\/tribe_events\/2042\/revisions"}],"wp:featuredmedia":[{"embeddable":true,"href":"https:\/\/web.iem-emergencia.com\/es\/wp-json\/"}],"wp:attachment":[{"href":"https:\/\/web.iem-emergencia.com\/es\/wp-json\/wp\/v2\/media?parent=2042"}],"wp:term":[{"taxonomy":"post_tag","embeddable":true,"href":"https:\/\/web.iem-emergencia.com\/es\/wp-json\/wp\/v2\/tags?post=2042"},{"taxonomy":"tribe_events_cat","embeddable":true,"href":"https:\/\/web.iem-emergencia.com\/es\/wp-json\/wp\/v2\/tribe_events_cat?post=2042"}],"curies":[{"name":"wp","href":"https:\/\/api.w.org\/{rel}","templated":true}]}}

Radiología en urgencias y emergencias

<div class="descripcion-bloque">
<p>• Fases físicas de radiología diagnóstica, instrumentación, semiología y aplicación sobre el tórax<br />
• Radiología del accidente vascular cerebral<br />
• Radiología del traumatismo craneoencefálico</p>
<p>El alumno desarrollará destreza en la visualización de las principales patologías sobre RX, TC, RMN</p>
</div>

<p>• Fases físicas de radiología diagnóstica, instrumentación, semiología y aplicación sobre el tórax • Radiología del accidente vascular cerebral • Radiología del traumatismo craneoencefálico El alumno desarrollará destreza en la visualización de [&hellip;]</p>
