{"id":1856,"date":"2019-10-04T11:06:29","date_gmt":"2019-10-04T09:06:29","guid":{"rendered":"https:\/\/iem-emergencia.cat\/?post_type=tribe_events&amp;p=1856"},"modified":"2019-10-04T11:06:29","modified_gmt":"2019-10-04T09:06:29","slug":"soporte-vital-inmediato","status":"publish","type":"tribe_events","link":"https:\/\/web.iem-emergencia.com\/es\/event\/soporte-vital-inmediato\/","title":{"rendered":"Soporte Vital Inmediato"},"content":{"rendered":"<div class=\"content-area\">\n<p>El curso de Soporte Vital Inmediato (SVI) est\u00e1 desti\u00adnado a formar a los\/as intervinientes en la detecci\u00f3n precoz del deterioro de un paciente en parada cardio\u00adrrespiratoria (PCR) y en la aplicaci\u00f3n de las medidas iniciales, en espera de la llegada de los servicios sani\u00adtarios de emergencias que puedan realizar el Soporte Vital Avanzado (SVA). Es, por lo tanto, un curso que se sit\u00faa en la franja entre el Soporte Vital B\u00e1sico lns\u00adtrumentalizado con Desfibrilador Externo Automatizado (SVBI y DEA) y el SVA.<br \/>\nPara la realizaci\u00f3n del curso, es necesario que el\/la alumno\/a disponga de la certificaci\u00f3n en SVB i DEA con acreditaci\u00f3n reconocida por el Consell Catal\u00e1 de Ressuscitaci\u00f3 (CCR).<\/p>\n<p><strong>Acreditaciones: <\/strong><br \/>\n5 cr\u00e9ditos del Consell Catala de Formaci\u00f3 Continuada de les Professions Sanitarias (CCFCPS).*<br \/>\nEs obligatorio el 100% de la asistencia al curso. Los alumnos que superen satisfactoriamente las evaluaciones te\u00f3ricas (se requiere un 70% de respuestas correctas) y pr\u00e1cticas recibir\u00e1n un certificado oficial emitido por el CCR<br \/>\n*La concesi\u00f3n de cr\u00e9ditos a las actividades formativas acreditadas por el CCR depende directamente de este organismo.<\/p>\n<p><strong>OBJETIVOS DEL CURSO<\/strong><\/p>\n<ul>\n<li>\u00a0Identificar y tratar a un paciente agudo grave me\u00ad diante la aproximaci\u00f3n ABCDE (V\u00eda A\u00e9rea, Respira\u00ad ci\u00f3n, Circulaci\u00f3n, Neurol\u00f3gica, Exposici\u00f3n).<\/li>\n<li>\u00a0Identificar y tratar a un paciente en PCR con DEA<br \/>\no desfibrilador manual, material instrumental de la v\u00eda a\u00e9rea y acceso vascular de urgencia, en espera de la llegada de asistencia m\u00e1s especializada.<\/li>\n<li>Incorporarse como miembro del equipo de SVA si fuera necesario. La difusi\u00f3n del sustrato te\u00f3ri\u00ad co y de las habilidades pr\u00e1cticas que lo configuran entre el personal m\u00e9dico, sanitario y no m\u00e9dico y \u201cprimeros intervinientes\u201d con la finalidad de preve\u00ad nir y tratar la PCR.<\/li>\n<\/ul>\n<p>&nbsp;<\/p>\n<p><strong>METODOLOG\u00cdA <\/strong><\/p>\n<p>1a FASE NO PRESENCIAL: 15 horas<\/p>\n<p>Se lleva a cabo de manera online a trav\u00e9s de la plataforma habilitada por el Consell Catala de Resuscitaci\u00f3 (CCR). El\/la alumno\/a deber\u00e1 matricularse de manera individual al curso, tras recibir las indicaciones pertinen\u00ad tes por parte del IEM, y seguir las actividades marcadas por los\/as consultores\/as del curso teniendo en cuenta los plazos establecidos. La fase online incluye una evaluaci\u00f3n te\u00f3rica; la presentaci\u00f3n y superaci\u00f3n de todas las actividades online es imprescindible para poder cursar la fase presencial del curso.<\/p>\n<p>2a FASE PRESENCIAL: 8 horas<\/p>\n<p>Se lleva a cabo en dos sesiones de 4 horas, e incluye 1 evaluaci\u00f3n te\u00f3rica, una evaluaci\u00f3n pr\u00e1ctica, clases te\u00f3ricas y estaciones pr\u00e1cticas.<\/p>\n<p><strong>PROGRAMA<\/strong><\/p>\n<p>\u2022 Aprendizaje de las habilidades no t\u00e9cnicas: trabajo en equipo, liderazgo, toma de decisiones<br \/>\n\u2022 Reconocimiento del paciente cr\u00edtico. Metodolog\u00eda ABCDE<br \/>\n\u2022 Prevenci\u00f3n de la parada cardiorrespiratoria<br \/>\n\u2022 Resucitaci\u00f3n en centro o \u00e1rea sanitaria<br \/>\n\u2022 Algoritmo del Soporte Vital Avanzado adaptado al SVI<br \/>\n\u2022 Manejo de la v\u00eda a\u00e9rea y de la ventilaci\u00f3n<br \/>\n\u2022 Arritmias. Monitorizaci\u00f3n y reconocimiento<br \/>\n\u2022 Desfibrilaci\u00f3n<br \/>\n\u2022 V\u00edas de administraci\u00f3n de f\u00e1rmacos<br \/>\n\u2022 F\u00e1rmacos<br \/>\n\u2022 Curas post resucitaci\u00f3n<\/p>\n<\/div>\n","protected":false},"excerpt":{"rendered":"<p>El curso de Soporte Vital Inmediato (SVI) est\u00e1 desti\u00adnado a formar a los\/as intervinientes en la detecci\u00f3n precoz del deterioro de un paciente en parada cardio\u00adrrespiratoria (PCR) y en la [&hellip;]<\/p>\n","protected":false},"author":1,"featured_media":1862,"template":"","meta":{"_et_pb_use_builder":"","_et_pb_old_content":"","_et_gb_content_width":"","_tribe_events_status":"","_tribe_events_status_reason":"","_tribe_events_is_hybrid":"","_tribe_events_is_virtual":"","_tribe_events_virtual_video_source":"","_tribe_events_virtual_embed_video":"","_tribe_events_virtual_linked_button_text":"","_tribe_events_virtual_linked_button":"","_tribe_events_virtual_show_embed_at":"","_tribe_events_virtual_show_embed_to":[],"_tribe_events_virtual_show_on_event":"","_tribe_events_virtual_show_on_views":"","_tribe_events_virtual_url":"","footnotes":""},"tags":[38],"tribe_events_cat":[17],"class_list":["post-1856","tribe_events","type-tribe_events","status-publish","has-post-thumbnail","hentry","tag-svinmediato","tribe_events_cat-urgencias-medicas-y-quirurgicas","cat_urgencias-medicas-y-quirurgicas"],"_links":{"self":[{"href":"https:\/\/web.iem-emergencia.com\/es\/wp-json\/wp\/v2\/tribe_events\/1856","targetHints":{"allow":["GET"]}}],"collection":[{"href":"https:\/\/web.iem-emergencia.com\/es\/wp-json\/wp\/v2\/tribe_events"}],"about":[{"href":"https:\/\/web.iem-emergencia.com\/es\/wp-json\/wp\/v2\/types\/tribe_events"}],"author":[{"embeddable":true,"href":"https:\/\/web.iem-emergencia.com\/es\/wp-json\/wp\/v2\/users\/1"}],"version-history":[{"count":0,"href":"https:\/\/web.iem-emergencia.com\/es\/wp-json\/wp\/v2\/tribe_events\/1856\/revisions"}],"wp:featuredmedia":[{"embeddable":true,"href":"https:\/\/web.iem-emergencia.com\/es\/wp-json\/"}],"wp:attachment":[{"href":"https:\/\/web.iem-emergencia.com\/es\/wp-json\/wp\/v2\/media?parent=1856"}],"wp:term":[{"taxonomy":"post_tag","embeddable":true,"href":"https:\/\/web.iem-emergencia.com\/es\/wp-json\/wp\/v2\/tags?post=1856"},{"taxonomy":"tribe_events_cat","embeddable":true,"href":"https:\/\/web.iem-emergencia.com\/es\/wp-json\/wp\/v2\/tribe_events_cat?post=1856"}],"curies":[{"name":"wp","href":"https:\/\/api.w.org\/{rel}","templated":true}]}}

<div class="content-area">
<p>El curso de Soporte Vital Inmediato (SVI) está desti­nado a formar a los/as intervinientes en la detección precoz del deterioro de un paciente en parada cardio­rrespiratoria (PCR) y en la aplicación de las medidas iniciales, en espera de la llegada de los servicios sani­tarios de emergencias que puedan realizar el Soporte Vital Avanzado (SVA). Es, por lo tanto, un curso que se sitúa en la franja entre el Soporte Vital Básico lns­trumentalizado con Desfibrilador Externo Automatizado (SVBI y DEA) y el SVA.<br />
Para la realización del curso, es necesario que el/la alumno/a disponga de la certificación en SVB i DEA con acreditación reconocida por el Consell Catalá de Ressuscitació (CCR).</p>
<p><strong>Acreditaciones: </strong><br />
5 créditos del Consell Catala de Formació Continuada de les Professions Sanitarias (CCFCPS).*<br />
Es obligatorio el 100% de la asistencia al curso. Los alumnos que superen satisfactoriamente las evaluaciones teóricas (se requiere un 70% de respuestas correctas) y prácticas recibirán un certificado oficial emitido por el CCR<br />
*La concesión de créditos a las actividades formativas acreditadas por el CCR depende directamente de este organismo.</p>
<p><strong>OBJETIVOS DEL CURSO</strong></p>
<ul>
<li> Identificar y tratar a un paciente agudo grave me­ diante la aproximación ABCDE (Vía Aérea, Respira­ ción, Circulación, Neurológica, Exposición).</li>
<li> Identificar y tratar a un paciente en PCR con DEA<br />
o desfibrilador manual, material instrumental de la vía aérea y acceso vascular de urgencia, en espera de la llegada de asistencia más especializada.</li>
<li>Incorporarse como miembro del equipo de SVA si fuera necesario. La difusión del sustrato teóri­ co y de las habilidades prácticas que lo configuran entre el personal médico, sanitario y no médico y “primeros intervinientes” con la finalidad de preve­ nir y tratar la PCR.</li>
</ul>
<p>&nbsp;</p>
<p><strong>METODOLOGÍA </strong></p>
<p>1a FASE NO PRESENCIAL: 15 horas</p>
<p>Se lleva a cabo de manera online a través de la plataforma habilitada por el Consell Catala de Resuscitació (CCR). El/la alumno/a deberá matricularse de manera individual al curso, tras recibir las indicaciones pertinen­ tes por parte del IEM, y seguir las actividades marcadas por los/as consultores/as del curso teniendo en cuenta los plazos establecidos. La fase online incluye una evaluación teórica; la presentación y superación de todas las actividades online es imprescindible para poder cursar la fase presencial del curso.</p>
<p>2a FASE PRESENCIAL: 8 horas</p>
<p>Se lleva a cabo en dos sesiones de 4 horas, e incluye 1 evaluación teórica, una evaluación práctica, clases teóricas y estaciones prácticas.</p>
<p><strong>PROGRAMA</strong></p>
<p>• Aprendizaje de las habilidades no técnicas: trabajo en equipo, liderazgo, toma de decisiones<br />
• Reconocimiento del paciente crítico. Metodología ABCDE<br />
• Prevención de la parada cardiorrespiratoria<br />
• Resucitación en centro o área sanitaria<br />
• Algoritmo del Soporte Vital Avanzado adaptado al SVI<br />
• Manejo de la vía aérea y de la ventilación<br />
• Arritmias. Monitorización y reconocimiento<br />
• Desfibrilación<br />
• Vías de administración de fármacos<br />
• Fármacos<br />
• Curas post resucitación</p>
</div>

<p>El curso de Soporte Vital Inmediato (SVI) está desti­nado a formar a los/as intervinientes en la detección precoz del deterioro de un paciente en parada cardio­rrespiratoria (PCR) y en la [&hellip;]</p>
