{"id":1828,"date":"2019-10-04T10:47:33","date_gmt":"2019-10-04T08:47:33","guid":{"rendered":"https:\/\/iem-emergencia.cat\/?post_type=tribe_events&amp;p=1828"},"modified":"2019-10-04T10:47:33","modified_gmt":"2019-10-04T08:47:33","slug":"atencion-psicologica-en-urgencias-y-emergencias","status":"publish","type":"tribe_events","link":"https:\/\/web.iem-emergencia.com\/es\/event\/atencion-psicologica-en-urgencias-y-emergencias\/","title":{"rendered":"Atenci\u00f3n psicol\u00f3gica en urgencias y emergencias"},"content":{"rendered":"<p>\u2022 Asistencia psicol\u00f3gica a v\u00edctimas<br \/>\n\u2022 Gesti\u00f3n del estr\u00e9s<br \/>\n\u2022 Afrontamiento de agresiones<br \/>\n\u2022 Role play: se realizaran casos pr\u00e1cticos con diferentes situaciones descritas en las clases te\u00f3ricas donde el alumnado podr\u00e1 entrenarse a trav\u00e9s de la participaci\u00f3n de actores profesionales en casos simulados<\/p>\n","protected":false},"excerpt":{"rendered":"<p>\u2022 Asistencia psicol\u00f3gica a v\u00edctimas \u2022 Gesti\u00f3n del estr\u00e9s \u2022 Afrontamiento de agresiones \u2022 Role play: se realizaran casos pr\u00e1cticos con diferentes situaciones descritas en las clases te\u00f3ricas donde el [&hellip;]<\/p>\n","protected":false},"author":1,"featured_media":1829,"template":"","meta":{"_et_pb_use_builder":"","_et_pb_old_content":"","_et_gb_content_width":"","_tribe_events_status":"","_tribe_events_status_reason":"","_tribe_events_is_hybrid":"","_tribe_events_is_virtual":"","_tribe_events_virtual_video_source":"","_tribe_events_virtual_embed_video":"","_tribe_events_virtual_linked_button_text":"","_tribe_events_virtual_linked_button":"","_tribe_events_virtual_show_embed_at":"","_tribe_events_virtual_show_embed_to":[],"_tribe_events_virtual_show_on_event":"","_tribe_events_virtual_show_on_views":"","_tribe_events_virtual_url":"","footnotes":""},"tags":[35],"tribe_events_cat":[13,14,28],"class_list":["post-1828","tribe_events","type-tribe_events","status-publish","has-post-thumbnail","hentry","tag-psicologia","tribe_events_cat-presencial","tribe_events_cat-urgencias-en-situaciones-especiales-y-salvamento","tribe_events_cat-urgencias-miscelanea","cat_presencial","cat_urgencias-en-situaciones-especiales-y-salvamento","cat_urgencias-miscelanea"],"_links":{"self":[{"href":"https:\/\/web.iem-emergencia.com\/es\/wp-json\/wp\/v2\/tribe_events\/1828","targetHints":{"allow":["GET"]}}],"collection":[{"href":"https:\/\/web.iem-emergencia.com\/es\/wp-json\/wp\/v2\/tribe_events"}],"about":[{"href":"https:\/\/web.iem-emergencia.com\/es\/wp-json\/wp\/v2\/types\/tribe_events"}],"author":[{"embeddable":true,"href":"https:\/\/web.iem-emergencia.com\/es\/wp-json\/wp\/v2\/users\/1"}],"version-history":[{"count":0,"href":"https:\/\/web.iem-emergencia.com\/es\/wp-json\/wp\/v2\/tribe_events\/1828\/revisions"}],"wp:featuredmedia":[{"embeddable":true,"href":"https:\/\/web.iem-emergencia.com\/es\/wp-json\/"}],"wp:attachment":[{"href":"https:\/\/web.iem-emergencia.com\/es\/wp-json\/wp\/v2\/media?parent=1828"}],"wp:term":[{"taxonomy":"post_tag","embeddable":true,"href":"https:\/\/web.iem-emergencia.com\/es\/wp-json\/wp\/v2\/tags?post=1828"},{"taxonomy":"tribe_events_cat","embeddable":true,"href":"https:\/\/web.iem-emergencia.com\/es\/wp-json\/wp\/v2\/tribe_events_cat?post=1828"}],"curies":[{"name":"wp","href":"https:\/\/api.w.org\/{rel}","templated":true}]}}

Atención psicológica en urgencias y emergencias

<p>• Asistencia psicológica a víctimas<br />
• Gestión del estrés<br />
• Afrontamiento de agresiones<br />
• Role play: se realizaran casos prácticos con diferentes situaciones descritas en las clases teóricas donde el alumnado podrá entrenarse a través de la participación de actores profesionales en casos simulados</p>

<p>• Asistencia psicológica a víctimas • Gestión del estrés • Afrontamiento de agresiones • Role play: se realizaran casos prácticos con diferentes situaciones descritas en las clases teóricas donde el [&hellip;]</p>
