{"id":1818,"date":"2019-10-04T10:42:53","date_gmt":"2019-10-04T08:42:53","guid":{"rendered":"https:\/\/iem-emergencia.cat\/?post_type=tribe_events&amp;p=1818"},"modified":"2019-10-04T10:42:53","modified_gmt":"2019-10-04T08:42:53","slug":"soporte-vital-intermedio-en-pediatria","status":"publish","type":"tribe_events","link":"https:\/\/web.iem-emergencia.com\/es\/event\/soporte-vital-intermedio-en-pediatria\/","title":{"rendered":"Soporte Vital Intermedio en Pediatr\u00eda"},"content":{"rendered":"<p>\u2022 Reconocimiento y manejo inicial del paciente pedi\u00e1trico grave<br \/>\n\u2022 Metodolog\u00eda ABCDE<br \/>\n\u2022 Soporte Vital B\u00e1sico, obstrucci\u00f3n de la v\u00eda a\u00e9rea y secuencia de actuaci\u00f3n con DEA<br \/>\n\u2022 Uso del DEA<br \/>\n\u2022 Movilizaci\u00f3n, inmovilizaci\u00f3n y posici\u00f3n lateral de seguridad (PLS)<br \/>\n\u2022 Manejo instrumentalizado de la v\u00eda a\u00e9rea y oxigenoterapia<br \/>\n\u2022 Acceso vascular, f\u00e1rmacos y fluidos en RCP intermedia<br \/>\n\u2022 Integraci\u00f3n en Soporte Vital. El carro de paros<br \/>\n\u2022 \u00c9tica en RCP<br \/>\n\u2022 Sistema de Emergencias M\u00e9dicas<br \/>\n\u2022 Simulacro \u2013 demostraci\u00f3n de Soporte Vital Intermedio Pedi\u00e1trico (SVIP)<\/p>\n","protected":false},"excerpt":{"rendered":"<p>\u2022 Reconocimiento y manejo inicial del paciente pedi\u00e1trico grave \u2022 Metodolog\u00eda ABCDE \u2022 Soporte Vital B\u00e1sico, obstrucci\u00f3n de la v\u00eda a\u00e9rea y secuencia de actuaci\u00f3n con DEA \u2022 Uso del [&hellip;]<\/p>\n","protected":false},"author":1,"featured_media":1819,"template":"","meta":{"_et_pb_use_builder":"","_et_pb_old_content":"","_et_gb_content_width":"","_tribe_events_status":"","_tribe_events_status_reason":"","_tribe_events_is_hybrid":"","_tribe_events_is_virtual":"","_tribe_events_virtual_video_source":"","_tribe_events_virtual_embed_video":"","_tribe_events_virtual_linked_button_text":"","_tribe_events_virtual_linked_button":"","_tribe_events_virtual_show_embed_at":"","_tribe_events_virtual_show_embed_to":[],"_tribe_events_virtual_show_on_event":"","_tribe_events_virtual_show_on_views":"","_tribe_events_virtual_url":"","footnotes":""},"tags":[34],"tribe_events_cat":[17],"class_list":["post-1818","tribe_events","type-tribe_events","status-publish","has-post-thumbnail","hentry","tag-svi-pediatria","tribe_events_cat-urgencias-medicas-y-quirurgicas","cat_urgencias-medicas-y-quirurgicas"],"_links":{"self":[{"href":"https:\/\/web.iem-emergencia.com\/es\/wp-json\/wp\/v2\/tribe_events\/1818","targetHints":{"allow":["GET"]}}],"collection":[{"href":"https:\/\/web.iem-emergencia.com\/es\/wp-json\/wp\/v2\/tribe_events"}],"about":[{"href":"https:\/\/web.iem-emergencia.com\/es\/wp-json\/wp\/v2\/types\/tribe_events"}],"author":[{"embeddable":true,"href":"https:\/\/web.iem-emergencia.com\/es\/wp-json\/wp\/v2\/users\/1"}],"version-history":[{"count":0,"href":"https:\/\/web.iem-emergencia.com\/es\/wp-json\/wp\/v2\/tribe_events\/1818\/revisions"}],"wp:featuredmedia":[{"embeddable":true,"href":"https:\/\/web.iem-emergencia.com\/es\/wp-json\/"}],"wp:attachment":[{"href":"https:\/\/web.iem-emergencia.com\/es\/wp-json\/wp\/v2\/media?parent=1818"}],"wp:term":[{"taxonomy":"post_tag","embeddable":true,"href":"https:\/\/web.iem-emergencia.com\/es\/wp-json\/wp\/v2\/tags?post=1818"},{"taxonomy":"tribe_events_cat","embeddable":true,"href":"https:\/\/web.iem-emergencia.com\/es\/wp-json\/wp\/v2\/tribe_events_cat?post=1818"}],"curies":[{"name":"wp","href":"https:\/\/api.w.org\/{rel}","templated":true}]}}

Soporte Vital Intermedio en Pediatría

<p>• Reconocimiento y manejo inicial del paciente pediátrico grave<br />
• Metodología ABCDE<br />
• Soporte Vital Básico, obstrucción de la vía aérea y secuencia de actuación con DEA<br />
• Uso del DEA<br />
• Movilización, inmovilización y posición lateral de seguridad (PLS)<br />
• Manejo instrumentalizado de la vía aérea y oxigenoterapia<br />
• Acceso vascular, fármacos y fluidos en RCP intermedia<br />
• Integración en Soporte Vital. El carro de paros<br />
• Ética en RCP<br />
• Sistema de Emergencias Médicas<br />
• Simulacro – demostración de Soporte Vital Intermedio Pediátrico (SVIP)</p>

<p>• Reconocimiento y manejo inicial del paciente pediátrico grave • Metodología ABCDE • Soporte Vital Básico, obstrucción de la vía aérea y secuencia de actuación con DEA • Uso del [&hellip;]</p>
