{"id":1808,"date":"2019-10-04T10:36:38","date_gmt":"2019-10-04T08:36:38","guid":{"rendered":"https:\/\/iem-emergencia.cat\/?post_type=tribe_events&amp;p=1808"},"modified":"2019-10-04T10:36:38","modified_gmt":"2019-10-04T08:36:38","slug":"curso-de-seguridad-y-prevencion-en-espacios-confinados","status":"publish","type":"tribe_events","link":"https:\/\/web.iem-emergencia.com\/es\/event\/curso-de-seguridad-y-prevencion-en-espacios-confinados\/","title":{"rendered":"Curso de seguridad y prevenci\u00f3n en espacios confinados"},"content":{"rendered":"<p>\u2022 Conocimiento del marco legal de la prevenci\u00f3n y seguridad laboral en el \u00e1mbito de los espacios confinados<br \/>\n\u2022 El espacio confinado Definici\u00f3n<br \/>\n\u2022 Escenarios posibles<br \/>\n\u2022 Riesgos principales en el trabajo en espacios confinados<br \/>\n\u2022 Uso de las medidas de autoprotecci\u00f3n en este tipo de entorno.<br \/>\n\u2022 Aparatos de medida y detecci\u00f3n<br \/>\n\u2022 EPIs espec\u00edficos<br \/>\n\u2022 La v\u00edctima intoxicada. La v\u00edctima asfixiada. v\u00edctima traum\u00e1tica<br \/>\n\u2022 Utilizaci\u00f3n correcta de los EPIs individuales<br \/>\n\u2022 Interpretaci\u00f3n de los aparatos de medida<br \/>\n\u2022 Conocimiento de las t\u00e9cnicas de rescate asociadas al rescate<br \/>\n\u2022 Simulaciones y escenarios para la identificaci\u00f3n del riesgo en el espacio confinado<br \/>\n\u2022 Abordaje de la v\u00edctima traum\u00e1tica.<br \/>\n\u2022 Abordaje de la v\u00edctima asfixiada y\/o intoxicada<br \/>\n\u2022 Simulaciones de diversas situaciones-Visita de espacios reales<\/p>\n","protected":false},"excerpt":{"rendered":"<p>\u2022 Conocimiento del marco legal de la prevenci\u00f3n y seguridad laboral en el \u00e1mbito de los espacios confinados \u2022 El espacio confinado Definici\u00f3n \u2022 Escenarios posibles \u2022 Riesgos principales en [&hellip;]<\/p>\n","protected":false},"author":1,"featured_media":1810,"template":"","meta":{"_et_pb_use_builder":"","_et_pb_old_content":"","_et_gb_content_width":"","_tribe_events_status":"","_tribe_events_status_reason":"","_tribe_events_is_hybrid":"","_tribe_events_is_virtual":"","_tribe_events_virtual_video_source":"","_tribe_events_virtual_embed_video":"","_tribe_events_virtual_linked_button_text":"","_tribe_events_virtual_linked_button":"","_tribe_events_virtual_show_embed_at":"","_tribe_events_virtual_show_embed_to":[],"_tribe_events_virtual_show_on_event":"","_tribe_events_virtual_show_on_views":"","_tribe_events_virtual_url":"","footnotes":""},"tags":[33],"tribe_events_cat":[14],"class_list":["post-1808","tribe_events","type-tribe_events","status-publish","has-post-thumbnail","hentry","tag-espacios-confinados","tribe_events_cat-urgencias-en-situaciones-especiales-y-salvamento","cat_urgencias-en-situaciones-especiales-y-salvamento"],"_links":{"self":[{"href":"https:\/\/web.iem-emergencia.com\/es\/wp-json\/wp\/v2\/tribe_events\/1808","targetHints":{"allow":["GET"]}}],"collection":[{"href":"https:\/\/web.iem-emergencia.com\/es\/wp-json\/wp\/v2\/tribe_events"}],"about":[{"href":"https:\/\/web.iem-emergencia.com\/es\/wp-json\/wp\/v2\/types\/tribe_events"}],"author":[{"embeddable":true,"href":"https:\/\/web.iem-emergencia.com\/es\/wp-json\/wp\/v2\/users\/1"}],"version-history":[{"count":0,"href":"https:\/\/web.iem-emergencia.com\/es\/wp-json\/wp\/v2\/tribe_events\/1808\/revisions"}],"wp:featuredmedia":[{"embeddable":true,"href":"https:\/\/web.iem-emergencia.com\/es\/wp-json\/"}],"wp:attachment":[{"href":"https:\/\/web.iem-emergencia.com\/es\/wp-json\/wp\/v2\/media?parent=1808"}],"wp:term":[{"taxonomy":"post_tag","embeddable":true,"href":"https:\/\/web.iem-emergencia.com\/es\/wp-json\/wp\/v2\/tags?post=1808"},{"taxonomy":"tribe_events_cat","embeddable":true,"href":"https:\/\/web.iem-emergencia.com\/es\/wp-json\/wp\/v2\/tribe_events_cat?post=1808"}],"curies":[{"name":"wp","href":"https:\/\/api.w.org\/{rel}","templated":true}]}}

Curso de seguridad y prevención en espacios confinados

<p>• Conocimiento del marco legal de la prevención y seguridad laboral en el ámbito de los espacios confinados<br />
• El espacio confinado Definición<br />
• Escenarios posibles<br />
• Riesgos principales en el trabajo en espacios confinados<br />
• Uso de las medidas de autoprotección en este tipo de entorno.<br />
• Aparatos de medida y detección<br />
• EPIs específicos<br />
• La víctima intoxicada. La víctima asfixiada. víctima traumática<br />
• Utilización correcta de los EPIs individuales<br />
• Interpretación de los aparatos de medida<br />
• Conocimiento de las técnicas de rescate asociadas al rescate<br />
• Simulaciones y escenarios para la identificación del riesgo en el espacio confinado<br />
• Abordaje de la víctima traumática.<br />
• Abordaje de la víctima asfixiada y/o intoxicada<br />
• Simulaciones de diversas situaciones-Visita de espacios reales</p>

<p>• Conocimiento del marco legal de la prevención y seguridad laboral en el ámbito de los espacios confinados • El espacio confinado Definición • Escenarios posibles • Riesgos principales en [&hellip;]</p>
