{"id":1757,"date":"2019-10-02T12:50:18","date_gmt":"2019-10-02T10:50:18","guid":{"rendered":"https:\/\/iem-emergencia.cat\/?post_type=tribe_events&amp;p=1757"},"modified":"2019-10-02T12:50:18","modified_gmt":"2019-10-02T10:50:18","slug":"capsula-formativa-basica-de-prevencion-y-seguridad-integral","status":"publish","type":"tribe_events","link":"https:\/\/web.iem-emergencia.com\/es\/event\/capsula-formativa-basica-de-prevencion-y-seguridad-integral\/","title":{"rendered":"C\u00e1psula formativa b\u00e1sica de prevenci\u00f3n y seguridad integral"},"content":{"rendered":"<p>\u2022 Actuaci\u00f3n ante una parada cardiorrespiratoria<br \/>\n\u2022 Reacci\u00f3n ante el testimonio de un accidente de tr\u00e1fico<br \/>\n\u2022 Actuaci\u00f3n ante un atragantamiento<br \/>\n\u2022 Actuaci\u00f3n ante un incidente con un veh\u00edculo quemado<br \/>\n\u2022 Seguridad y prevenci\u00f3n en espacios p\u00fablicos<br \/>\n\u2022 Riesgos de incendio \u2013 Evacuaci\u00f3n de una v\u00edctima inconsciente en caso de incendio<\/p>\n","protected":false},"excerpt":{"rendered":"<p>\u2022 Actuaci\u00f3n ante una parada cardiorrespiratoria \u2022 Reacci\u00f3n ante el testimonio de un accidente de tr\u00e1fico \u2022 Actuaci\u00f3n ante un atragantamiento \u2022 Actuaci\u00f3n ante un incidente con un veh\u00edculo quemado [&hellip;]<\/p>\n","protected":false},"author":1,"featured_media":1758,"template":"","meta":{"_et_pb_use_builder":"","_et_pb_old_content":"","_et_gb_content_width":"","_tribe_events_status":"","_tribe_events_status_reason":"","_tribe_events_is_hybrid":"","_tribe_events_is_virtual":"","_tribe_events_virtual_video_source":"","_tribe_events_virtual_embed_video":"","_tribe_events_virtual_linked_button_text":"","_tribe_events_virtual_linked_button":"","_tribe_events_virtual_show_embed_at":"","_tribe_events_virtual_show_embed_to":[],"_tribe_events_virtual_show_on_event":"","_tribe_events_virtual_show_on_views":"","_tribe_events_virtual_url":"","footnotes":""},"tags":[29],"tribe_events_cat":[28],"class_list":["post-1757","tribe_events","type-tribe_events","status-publish","has-post-thumbnail","hentry","tag-capsula-seguridad","tribe_events_cat-urgencias-miscelanea","cat_urgencias-miscelanea"],"_links":{"self":[{"href":"https:\/\/web.iem-emergencia.com\/es\/wp-json\/wp\/v2\/tribe_events\/1757","targetHints":{"allow":["GET"]}}],"collection":[{"href":"https:\/\/web.iem-emergencia.com\/es\/wp-json\/wp\/v2\/tribe_events"}],"about":[{"href":"https:\/\/web.iem-emergencia.com\/es\/wp-json\/wp\/v2\/types\/tribe_events"}],"author":[{"embeddable":true,"href":"https:\/\/web.iem-emergencia.com\/es\/wp-json\/wp\/v2\/users\/1"}],"version-history":[{"count":0,"href":"https:\/\/web.iem-emergencia.com\/es\/wp-json\/wp\/v2\/tribe_events\/1757\/revisions"}],"wp:featuredmedia":[{"embeddable":true,"href":"https:\/\/web.iem-emergencia.com\/es\/wp-json\/"}],"wp:attachment":[{"href":"https:\/\/web.iem-emergencia.com\/es\/wp-json\/wp\/v2\/media?parent=1757"}],"wp:term":[{"taxonomy":"post_tag","embeddable":true,"href":"https:\/\/web.iem-emergencia.com\/es\/wp-json\/wp\/v2\/tags?post=1757"},{"taxonomy":"tribe_events_cat","embeddable":true,"href":"https:\/\/web.iem-emergencia.com\/es\/wp-json\/wp\/v2\/tribe_events_cat?post=1757"}],"curies":[{"name":"wp","href":"https:\/\/api.w.org\/{rel}","templated":true}]}}

Cápsula formativa básica de prevención y seguridad integral

<p>• Actuación ante una parada cardiorrespiratoria<br />
• Reacción ante el testimonio de un accidente de tráfico<br />
• Actuación ante un atragantamiento<br />
• Actuación ante un incidente con un vehículo quemado<br />
• Seguridad y prevención en espacios públicos<br />
• Riesgos de incendio – Evacuación de una víctima inconsciente en caso de incendio</p>

<p>• Actuación ante una parada cardiorrespiratoria • Reacción ante el testimonio de un accidente de tráfico • Actuación ante un atragantamiento • Actuación ante un incidente con un vehículo quemado [&hellip;]</p>
