{"id":1697,"date":"2019-10-02T11:33:42","date_gmt":"2019-10-02T09:33:42","guid":{"rendered":"https:\/\/iem-emergencia.cat\/?post_type=tribe_events&amp;p=1697"},"modified":"2019-10-02T11:33:42","modified_gmt":"2019-10-02T09:33:42","slug":"via-aerea-y-ventilacion-mecanica-en-urgencias-y-emergencias","status":"publish","type":"tribe_events","link":"https:\/\/web.iem-emergencia.com\/es\/event\/via-aerea-y-ventilacion-mecanica-en-urgencias-y-emergencias\/","title":{"rendered":"V\u00eda a\u00e9rea y ventilaci\u00f3n mec\u00e1nica en urgencias y emergencias"},"content":{"rendered":"<p>\u2022 Manejo de la v\u00eda a\u00e9rea en situaciones de urgencia y emergencia<br \/>\n\u2022 Sedaci\u00f3n y analgesia<br \/>\n\u2022 Ventilaci\u00f3n mec\u00e1nica en situaciones especiales<br \/>\n\u2022 Ventilaci\u00f3n no invasiva<br \/>\n\u2022 Ventilaci\u00f3n con bal\u00f3n auto-hinchable de resucitaci\u00f3n<br \/>\n\u2022 Intubaci\u00f3n orotraqueal (IOT)<br \/>\n\u2022 Mascarilla lar\u00edngea<br \/>\n\u2022 Fastrach en adulto<br \/>\n\u2022 Casos cl\u00ednicos en simulador de alta generaci\u00f3n (Sinman)<br \/>\n\u2022 Pr\u00e1cticas en servicio de anestesiolog\u00eda y reanimaci\u00f3n<\/p>\n","protected":false},"excerpt":{"rendered":"<p>\u2022 Manejo de la v\u00eda a\u00e9rea en situaciones de urgencia y emergencia \u2022 Sedaci\u00f3n y analgesia \u2022 Ventilaci\u00f3n mec\u00e1nica en situaciones especiales \u2022 Ventilaci\u00f3n no invasiva \u2022 Ventilaci\u00f3n con bal\u00f3n [&hellip;]<\/p>\n","protected":false},"author":1,"featured_media":1695,"template":"","meta":{"_et_pb_use_builder":"","_et_pb_old_content":"","_et_gb_content_width":"","_tribe_events_status":"","_tribe_events_status_reason":"","_tribe_events_is_hybrid":"","_tribe_events_is_virtual":"","_tribe_events_virtual_video_source":"","_tribe_events_virtual_embed_video":"","_tribe_events_virtual_linked_button_text":"","_tribe_events_virtual_linked_button":"","_tribe_events_virtual_show_embed_at":"","_tribe_events_virtual_show_embed_to":[],"_tribe_events_virtual_show_on_event":"","_tribe_events_virtual_show_on_views":"","_tribe_events_virtual_url":"","footnotes":""},"tags":[19],"tribe_events_cat":[13,17],"class_list":["post-1697","tribe_events","type-tribe_events","status-publish","has-post-thumbnail","hentry","tag-via-aerea","tribe_events_cat-presencial","tribe_events_cat-urgencias-medicas-y-quirurgicas","cat_presencial","cat_urgencias-medicas-y-quirurgicas"],"_links":{"self":[{"href":"https:\/\/web.iem-emergencia.com\/es\/wp-json\/wp\/v2\/tribe_events\/1697","targetHints":{"allow":["GET"]}}],"collection":[{"href":"https:\/\/web.iem-emergencia.com\/es\/wp-json\/wp\/v2\/tribe_events"}],"about":[{"href":"https:\/\/web.iem-emergencia.com\/es\/wp-json\/wp\/v2\/types\/tribe_events"}],"author":[{"embeddable":true,"href":"https:\/\/web.iem-emergencia.com\/es\/wp-json\/wp\/v2\/users\/1"}],"version-history":[{"count":0,"href":"https:\/\/web.iem-emergencia.com\/es\/wp-json\/wp\/v2\/tribe_events\/1697\/revisions"}],"wp:featuredmedia":[{"embeddable":true,"href":"https:\/\/web.iem-emergencia.com\/es\/wp-json\/"}],"wp:attachment":[{"href":"https:\/\/web.iem-emergencia.com\/es\/wp-json\/wp\/v2\/media?parent=1697"}],"wp:term":[{"taxonomy":"post_tag","embeddable":true,"href":"https:\/\/web.iem-emergencia.com\/es\/wp-json\/wp\/v2\/tags?post=1697"},{"taxonomy":"tribe_events_cat","embeddable":true,"href":"https:\/\/web.iem-emergencia.com\/es\/wp-json\/wp\/v2\/tribe_events_cat?post=1697"}],"curies":[{"name":"wp","href":"https:\/\/api.w.org\/{rel}","templated":true}]}}

Vía aérea y ventilación mecánica en urgencias y emergencias

<p>• Manejo de la vía aérea en situaciones de urgencia y emergencia<br />
• Sedación y analgesia<br />
• Ventilación mecánica en situaciones especiales<br />
• Ventilación no invasiva<br />
• Ventilación con balón auto-hinchable de resucitación<br />
• Intubación orotraqueal (IOT)<br />
• Mascarilla laríngea<br />
• Fastrach en adulto<br />
• Casos clínicos en simulador de alta generación (Sinman)<br />
• Prácticas en servicio de anestesiología y reanimación</p>

<p>• Manejo de la vía aérea en situaciones de urgencia y emergencia • Sedación y analgesia • Ventilación mecánica en situaciones especiales • Ventilación no invasiva • Ventilación con balón [&hellip;]</p>
