{"id":1684,"date":"2019-10-02T11:26:44","date_gmt":"2019-10-02T09:26:44","guid":{"rendered":"https:\/\/iem-emergencia.cat\/?post_type=tribe_events&amp;p=1684"},"modified":"2019-10-02T11:26:44","modified_gmt":"2019-10-02T09:26:44","slug":"curso-de-seguridad-y-prevencion-ante-las-caidas-en-altura","status":"publish","type":"tribe_events","link":"https:\/\/web.iem-emergencia.com\/es\/event\/curso-de-seguridad-y-prevencion-ante-las-caidas-en-altura\/","title":{"rendered":"Curso de seguridad y prevenci\u00f3n ante las ca\u00eddas en altura"},"content":{"rendered":"<p>\u2022 Conocimiento del marco legal de la prevenci\u00f3n y seguridad laboral en el \u00e1mbito del riesgo en altura<br \/>\n\u2022 Presentaci\u00f3n de estad\u00edstica espec\u00edfica de accidentolog\u00eda en este \u00e1mbito (mundial, europea y tengo que buscar la nacional y catalana \u2026)<br \/>\n\u2022 protecciones colectivas<br \/>\n\u2022 protecciones individuales<br \/>\n\u2022 Uso de protecciones individuales en instalaciones colectivas<br \/>\n\u2022 EPIs de protecci\u00f3n individual espec\u00edficos<br \/>\n\u2022 Factor de ca\u00edda y factor de choque<br \/>\n\u2022 Biomec\u00e1nica y absorci\u00f3n de la energ\u00eda potencial en las ca\u00eddas<br \/>\n\u2022 3 situaciones principales en trabajos en altura: antica\u00edda, retenci\u00f3n y mantenimiento<br \/>\n\u2022 Identificaci\u00f3n, mantenimiento y caducidad de los EPIs<br \/>\n\u2022 Utilizaci\u00f3n correcta de los EPIs individuales<br \/>\n\u2022 Visita y uso de protecciones colectivas<br \/>\n\u2022 Simulaciones y escenarios para la identificaci\u00f3n del riesgo de ca\u00edda<br \/>\n\u2022 Simulaciones de diversas situaciones despu\u00e9s de una ca\u00edda<\/p>\n","protected":false},"excerpt":{"rendered":"<p>\u2022 Conocimiento del marco legal de la prevenci\u00f3n y seguridad laboral en el \u00e1mbito del riesgo en altura \u2022 Presentaci\u00f3n de estad\u00edstica espec\u00edfica de accidentolog\u00eda en este \u00e1mbito (mundial, europea [&hellip;]<\/p>\n","protected":false},"author":1,"featured_media":1682,"template":"","meta":{"_et_pb_use_builder":"","_et_pb_old_content":"","_et_gb_content_width":"","_tribe_events_status":"","_tribe_events_status_reason":"","_tribe_events_is_hybrid":"","_tribe_events_is_virtual":"","_tribe_events_virtual_video_source":"","_tribe_events_virtual_embed_video":"","_tribe_events_virtual_linked_button_text":"","_tribe_events_virtual_linked_button":"","_tribe_events_virtual_show_embed_at":"","_tribe_events_virtual_show_embed_to":[],"_tribe_events_virtual_show_on_event":"","_tribe_events_virtual_show_on_views":"","_tribe_events_virtual_url":"","footnotes":""},"tags":[18],"tribe_events_cat":[14,17],"class_list":["post-1684","tribe_events","type-tribe_events","status-publish","has-post-thumbnail","hentry","tag-caidas-en-altura","tribe_events_cat-urgencias-en-situaciones-especiales-y-salvamento","tribe_events_cat-urgencias-medicas-y-quirurgicas","cat_urgencias-en-situaciones-especiales-y-salvamento","cat_urgencias-medicas-y-quirurgicas"],"_links":{"self":[{"href":"https:\/\/web.iem-emergencia.com\/es\/wp-json\/wp\/v2\/tribe_events\/1684","targetHints":{"allow":["GET"]}}],"collection":[{"href":"https:\/\/web.iem-emergencia.com\/es\/wp-json\/wp\/v2\/tribe_events"}],"about":[{"href":"https:\/\/web.iem-emergencia.com\/es\/wp-json\/wp\/v2\/types\/tribe_events"}],"author":[{"embeddable":true,"href":"https:\/\/web.iem-emergencia.com\/es\/wp-json\/wp\/v2\/users\/1"}],"version-history":[{"count":0,"href":"https:\/\/web.iem-emergencia.com\/es\/wp-json\/wp\/v2\/tribe_events\/1684\/revisions"}],"wp:featuredmedia":[{"embeddable":true,"href":"https:\/\/web.iem-emergencia.com\/es\/wp-json\/"}],"wp:attachment":[{"href":"https:\/\/web.iem-emergencia.com\/es\/wp-json\/wp\/v2\/media?parent=1684"}],"wp:term":[{"taxonomy":"post_tag","embeddable":true,"href":"https:\/\/web.iem-emergencia.com\/es\/wp-json\/wp\/v2\/tags?post=1684"},{"taxonomy":"tribe_events_cat","embeddable":true,"href":"https:\/\/web.iem-emergencia.com\/es\/wp-json\/wp\/v2\/tribe_events_cat?post=1684"}],"curies":[{"name":"wp","href":"https:\/\/api.w.org\/{rel}","templated":true}]}}

Curso de seguridad y prevención ante las caídas en altura

<p>• Conocimiento del marco legal de la prevención y seguridad laboral en el ámbito del riesgo en altura<br />
• Presentación de estadística específica de accidentología en este ámbito (mundial, europea y tengo que buscar la nacional y catalana …)<br />
• protecciones colectivas<br />
• protecciones individuales<br />
• Uso de protecciones individuales en instalaciones colectivas<br />
• EPIs de protección individual específicos<br />
• Factor de caída y factor de choque<br />
• Biomecánica y absorción de la energía potencial en las caídas<br />
• 3 situaciones principales en trabajos en altura: anticaída, retención y mantenimiento<br />
• Identificación, mantenimiento y caducidad de los EPIs<br />
• Utilización correcta de los EPIs individuales<br />
• Visita y uso de protecciones colectivas<br />
• Simulaciones y escenarios para la identificación del riesgo de caída<br />
• Simulaciones de diversas situaciones después de una caída</p>

<p>• Conocimiento del marco legal de la prevención y seguridad laboral en el ámbito del riesgo en altura • Presentación de estadística específica de accidentología en este ámbito (mundial, europea [&hellip;]</p>
