{"id":10000160,"date":"2019-10-04T11:15:21","date_gmt":"2019-10-04T09:15:21","guid":{"rendered":"https:\/\/iem-emergencia.cat\/?post_type=tribe_events&#038;p=1870"},"modified":"2022-07-01T13:11:52","modified_gmt":"2022-07-01T11:11:52","slug":"soporte-vital-avanzado-en-trauma-svat","status":"publish","type":"tribe_events","link":"https:\/\/web.iem-emergencia.com\/es\/event\/soporte-vital-avanzado-en-trauma-svat\/2022-02-28\/","title":{"rendered":"Soporte Vital Avanzado en Trauma (SVAT)"},"content":{"rendered":"<div class=\"et_pb_module et_pb_text et_pb_text_0 et_pb_text_align_left et_pb_bg_layout_light\">\n<div class=\"et_pb_text_inner\">\n<h3><strong>Informaci\u00f3n del curso<\/strong><\/h3>\n<p><a href=\"\/project\/soporte-vital-avanzado-en-trauma-svat\/\">Informaci\u00f3n detallada del curso<\/a><\/p>\n<\/div>\n<\/div>\n<div class=\"et_pb_module et_pb_text et_pb_text_3 et_pb_text_align_left et_pb_bg_layout_light\">\n<div class=\"et_pb_text_inner\">\n<h3><strong>Inscr\u00edbete al curso<\/strong><\/h3>\n<p>Selecciona el tipo de inscripci\u00f3n, la cantidad de asistentes e indica los datos de cada asistente al curso. A continuaci\u00f3n podr\u00e1s indicar la informaci\u00f3n de la persona que realiza el pago y los datos de la targeta de cr\u00e9dito. El pago se realiza de forma segura en la web.<\/p>\n<\/div>\n<\/div>\n","protected":false},"excerpt":{"rendered":"<p>Informaci\u00f3n del curso Informaci\u00f3n detallada del curso Inscr\u00edbete al curso Selecciona el tipo de inscripci\u00f3n, la cantidad de asistentes e indica los datos de cada asistente al curso. A continuaci\u00f3n [&hellip;]<\/p>\n","protected":false},"author":1,"featured_media":1871,"template":"","meta":{"_et_pb_use_builder":"","_et_pb_old_content":"","_et_gb_content_width":"","_tribe_events_status":"","_tribe_events_status_reason":"","_tribe_events_is_hybrid":"","_tribe_events_is_virtual":"","_tribe_events_virtual_video_source":"","_tribe_events_virtual_embed_video":"","_tribe_events_virtual_linked_button_text":"","_tribe_events_virtual_linked_button":"","_tribe_events_virtual_show_embed_at":"","_tribe_events_virtual_show_embed_to":[],"_tribe_events_virtual_show_on_event":"","_tribe_events_virtual_show_on_views":"","_tribe_events_virtual_url":"","footnotes":""},"tags":[39],"tribe_events_cat":[13,17,24],"class_list":["post-10000160","tribe_events","type-tribe_events","status-publish","has-post-thumbnail","hentry","tag-svat","tribe_events_cat-presencial","tribe_events_cat-urgencias-medicas-y-quirurgicas","tribe_events_cat-urgencias-traumaticas","cat_presencial","cat_urgencias-medicas-y-quirurgicas","cat_urgencias-traumaticas","tribe-recurring-event","tribe-recurring-event-parent"],"_links":{"self":[{"href":"https:\/\/web.iem-emergencia.com\/es\/wp-json\/wp\/v2\/tribe_events\/10000160","targetHints":{"allow":["GET"]}}],"collection":[{"href":"https:\/\/web.iem-emergencia.com\/es\/wp-json\/wp\/v2\/tribe_events"}],"about":[{"href":"https:\/\/web.iem-emergencia.com\/es\/wp-json\/wp\/v2\/types\/tribe_events"}],"author":[{"embeddable":true,"href":"https:\/\/web.iem-emergencia.com\/es\/wp-json\/wp\/v2\/users\/1"}],"version-history":[{"count":0,"href":"https:\/\/web.iem-emergencia.com\/es\/wp-json\/wp\/v2\/tribe_events\/10000160\/revisions"}],"wp:featuredmedia":[{"embeddable":true,"href":"https:\/\/web.iem-emergencia.com\/es\/wp-json\/"}],"wp:attachment":[{"href":"https:\/\/web.iem-emergencia.com\/es\/wp-json\/wp\/v2\/media?parent=10000160"}],"wp:term":[{"taxonomy":"post_tag","embeddable":true,"href":"https:\/\/web.iem-emergencia.com\/es\/wp-json\/wp\/v2\/tags?post=10000160"},{"taxonomy":"tribe_events_cat","embeddable":true,"href":"https:\/\/web.iem-emergencia.com\/es\/wp-json\/wp\/v2\/tribe_events_cat?post=10000160"}],"curies":[{"name":"wp","href":"https:\/\/api.w.org\/{rel}","templated":true}]}}

<div class="et_pb_module et_pb_text et_pb_text_0 et_pb_text_align_left et_pb_bg_layout_light">
<div class="et_pb_text_inner">
<h3><strong>Información del curso</strong></h3>
<p><a href="/project/soporte-vital-avanzado-en-trauma-svat/">Información detallada del curso</a></p>
</div>
</div>
<div class="et_pb_module et_pb_text et_pb_text_3 et_pb_text_align_left et_pb_bg_layout_light">
<div class="et_pb_text_inner">
<h3><strong>Inscríbete al curso</strong></h3>
<p>Selecciona el tipo de inscripción, la cantidad de asistentes e indica los datos de cada asistente al curso. A continuación podrás indicar la información de la persona que realiza el pago y los datos de la targeta de crédito. El pago se realiza de forma segura en la web.</p>
</div>
</div>

<p>Información del curso Información detallada del curso Inscríbete al curso Selecciona el tipo de inscripción, la cantidad de asistentes e indica los datos de cada asistente al curso. A continuación [&hellip;]</p>
