{"id":219344,"date":"2022-06-22T11:56:16","date_gmt":"2022-06-22T09:56:16","guid":{"rendered":"https:\/\/web.iem-emergencia.com\/?post_type=tribe_events&#038;p=219344"},"modified":"2022-07-01T12:30:45","modified_gmt":"2022-07-01T10:30:45","slug":"soporte-vital-basico-y-dea-3","status":"publish","type":"tribe_events","link":"https:\/\/web.iem-emergencia.com\/ca\/event\/soporte-vital-basico-y-dea-3\/","title":{"rendered":"Suport Vital B\u00e0sic i DEA"},"content":{"rendered":"<div class=\"et_pb_module et_pb_text et_pb_text_0 et_pb_text_align_left et_pb_bg_layout_light\">\n<div class=\"et_pb_text_inner\">\n<h3><strong>Informaci\u00f3 del curs<\/strong><\/h3>\n<p><a href=\"\/ca\/project\/soporte-vital-basico-y-dea\/\">Informaci\u00f3 detallada del curs<\/a><\/p>\n<\/div>\n<\/div>\n<div class=\"et_pb_module et_pb_text et_pb_text_3 et_pb_text_align_left et_pb_bg_layout_light\">\n<div class=\"et_pb_text_inner\">\n<h3><strong>Inscriu-te al curs<\/strong><\/h3>\n<p>Seleccioneu el tipus d&#039;inscripci\u00f3, la quantitat d&#039;assistents i indiqueu les dades de cada assistent al curs. A continuaci\u00f3 podr\u00e0s indicar la informaci\u00f3 de la persona que fa el pagament i les dades de la targeta de cr\u00e8dit. El pagament es realitza de manera segura a la web.<\/p>\n<\/div>\n<\/div>","protected":false},"excerpt":{"rendered":"<p>Informaci\u00f3n del curso Informaci\u00f3n detallada del curso Inscr\u00edbete al curso Selecciona el tipo de inscripci\u00f3n, la cantidad de asistentes e indica los datos de cada asistente al curso. A continuaci\u00f3n [&hellip;]<\/p>","protected":false},"author":1,"featured_media":0,"template":"","meta":{"_et_pb_use_builder":"","_et_pb_old_content":"","_et_gb_content_width":"","_tribe_events_status":"","_tribe_events_status_reason":"","_tribe_events_is_hybrid":"","_tribe_events_is_virtual":"","_tribe_events_virtual_video_source":"","_tribe_events_virtual_embed_video":"","_tribe_events_virtual_linked_button_text":"","_tribe_events_virtual_linked_button":"","_tribe_events_virtual_show_embed_at":"","_tribe_events_virtual_show_embed_to":[],"_tribe_events_virtual_show_on_event":"","_tribe_events_virtual_show_on_views":"","_tribe_events_virtual_url":"","footnotes":""},"tags":[16],"tribe_events_cat":[12,17],"class_list":["post-219344","tribe_events","type-tribe_events","status-publish","hentry","tag-svb-y-dea","tribe_events_cat-buceadores","tribe_events_cat-urgencias-medicas-y-quirurgicas","cat_buceadores","cat_urgencias-medicas-y-quirurgicas"],"_links":{"self":[{"href":"https:\/\/web.iem-emergencia.com\/ca\/wp-json\/wp\/v2\/tribe_events\/219344","targetHints":{"allow":["GET"]}}],"collection":[{"href":"https:\/\/web.iem-emergencia.com\/ca\/wp-json\/wp\/v2\/tribe_events"}],"about":[{"href":"https:\/\/web.iem-emergencia.com\/ca\/wp-json\/wp\/v2\/types\/tribe_events"}],"author":[{"embeddable":true,"href":"https:\/\/web.iem-emergencia.com\/ca\/wp-json\/wp\/v2\/users\/1"}],"version-history":[{"count":0,"href":"https:\/\/web.iem-emergencia.com\/ca\/wp-json\/wp\/v2\/tribe_events\/219344\/revisions"}],"wp:attachment":[{"href":"https:\/\/web.iem-emergencia.com\/ca\/wp-json\/wp\/v2\/media?parent=219344"}],"wp:term":[{"taxonomy":"post_tag","embeddable":true,"href":"https:\/\/web.iem-emergencia.com\/ca\/wp-json\/wp\/v2\/tags?post=219344"},{"taxonomy":"tribe_events_cat","embeddable":true,"href":"https:\/\/web.iem-emergencia.com\/ca\/wp-json\/wp\/v2\/tribe_events_cat?post=219344"}],"curies":[{"name":"wp","href":"https:\/\/api.w.org\/{rel}","templated":true}]}}

Suport Vital Bàsic i DEA

<div class="et_pb_module et_pb_text et_pb_text_0 et_pb_text_align_left et_pb_bg_layout_light">
<div class="et_pb_text_inner">
<h3><strong>Informació del curs</strong></h3>
<p><a href="/ca/project/soporte-vital-basico-y-dea/">Informació detallada del curs</a></p>
</div>
</div>
<div class="et_pb_module et_pb_text et_pb_text_3 et_pb_text_align_left et_pb_bg_layout_light">
<div class="et_pb_text_inner">
<h3><strong>Inscriu-te al curs</strong></h3>
<p>Seleccioneu el tipus d&#039;inscripció, la quantitat d&#039;assistents i indiqueu les dades de cada assistent al curs. A continuació podràs indicar la informació de la persona que fa el pagament i les dades de la targeta de crèdit. El pagament es realitza de manera segura a la web.</p>
</div>
</div>

<p>Información del curso Información detallada del curso Inscríbete al curso Selecciona el tipo de inscripción, la cantidad de asistentes e indica los datos de cada asistente al curso. A continuación [&hellip;]</p>
