{"id":2171,"date":"2019-11-03T19:18:07","date_gmt":"2019-11-03T17:18:07","guid":{"rendered":"https:\/\/iem-emergencia.cat\/?post_type=tribe_events&amp;p=2171"},"modified":"2019-11-03T19:18:07","modified_gmt":"2019-11-03T17:18:07","slug":"traumatismo-craneoencefalico","status":"publish","type":"tribe_events","link":"https:\/\/web.iem-emergencia.com\/ca\/event\/traumatismo-craneoencefalico\/","title":{"rendered":"Traumatisme cranioencef\u00e0lic"},"content":{"rendered":"<p>\u2022 Presentaci\u00f3 i objectius de la sessi\u00f3. Epidemiologia i tipus de TCE<br \/>\n\u2022 Fisiopatologia de les lesions neurotraum\u00e0tiques. Lesions prim\u00e0ries i secund\u00e0ries. Llei de Monro-Kelly i concepte d&#039;herniaci\u00f3 cerebral<br \/>\n\u2022 Valoraci\u00f3 neurol\u00f2gica inicial d&#039;un pacient amb un TCE<br \/>\n\u2022 Pauta d&#039;actuaci\u00f3 a UCIAS<br \/>\n\u2022 Diagn\u00f2stic radiol\u00f2gic de les lesions neurotraum\u00e0tiques. Lesions focals i difuses. La classificaci\u00f3 del Traumatic Coma Data Bank<br \/>\n\u2022 Neuromonitoritzaci\u00f3 al pacient amb un TCE greu<br \/>\n\u2022 Tractament de la hipertensi\u00f3 intracranial I: Mesures generals i mesures de primer nivell<br \/>\n\u2022 Tractament de la hipertensi\u00f3 intracranial II: Mesures de segon nivell<br \/>\n\u2022 Tractament quir\u00fargic de les lesions neurotraum\u00e0tiques<br \/>\n\u2022 Atenci\u00f3 Prehospital\u00e0ria al TCE<br \/>\n\u2022 Codi PTT<\/p>","protected":false},"excerpt":{"rendered":"<p>\u2022 Presentaci\u00f3n y objetivos de la sesi\u00f3n. Epidemiolog\u00eda y tipos de TCE \u2022 Fisiopatolog\u00eda de las lesiones neurotraum\u00e1ticas. Lesiones primarias y secundarias. Ley de Monro-Kelly y concepto de herniaci\u00f3n cerebral [&hellip;]<\/p>","protected":false},"author":1,"featured_media":2178,"template":"","meta":{"_et_pb_use_builder":"","_et_pb_old_content":"","_et_gb_content_width":"","_tribe_events_status":"","_tribe_events_status_reason":"","_tribe_events_is_hybrid":"","_tribe_events_is_virtual":"","_tribe_events_virtual_video_source":"","_tribe_events_virtual_embed_video":"","_tribe_events_virtual_linked_button_text":"","_tribe_events_virtual_linked_button":"","_tribe_events_virtual_show_embed_at":"","_tribe_events_virtual_show_embed_to":[],"_tribe_events_virtual_show_on_event":"","_tribe_events_virtual_show_on_views":"","_tribe_events_virtual_url":"","footnotes":""},"tags":[55],"tribe_events_cat":[13,17,24],"class_list":["post-2171","tribe_events","type-tribe_events","status-publish","has-post-thumbnail","hentry","tag-tce","tribe_events_cat-presencial","tribe_events_cat-urgencias-medicas-y-quirurgicas","tribe_events_cat-urgencias-traumaticas","cat_presencial","cat_urgencias-medicas-y-quirurgicas","cat_urgencias-traumaticas"],"_links":{"self":[{"href":"https:\/\/web.iem-emergencia.com\/ca\/wp-json\/wp\/v2\/tribe_events\/2171","targetHints":{"allow":["GET"]}}],"collection":[{"href":"https:\/\/web.iem-emergencia.com\/ca\/wp-json\/wp\/v2\/tribe_events"}],"about":[{"href":"https:\/\/web.iem-emergencia.com\/ca\/wp-json\/wp\/v2\/types\/tribe_events"}],"author":[{"embeddable":true,"href":"https:\/\/web.iem-emergencia.com\/ca\/wp-json\/wp\/v2\/users\/1"}],"version-history":[{"count":0,"href":"https:\/\/web.iem-emergencia.com\/ca\/wp-json\/wp\/v2\/tribe_events\/2171\/revisions"}],"wp:featuredmedia":[{"embeddable":true,"href":"https:\/\/web.iem-emergencia.com\/ca\/wp-json\/"}],"wp:attachment":[{"href":"https:\/\/web.iem-emergencia.com\/ca\/wp-json\/wp\/v2\/media?parent=2171"}],"wp:term":[{"taxonomy":"post_tag","embeddable":true,"href":"https:\/\/web.iem-emergencia.com\/ca\/wp-json\/wp\/v2\/tags?post=2171"},{"taxonomy":"tribe_events_cat","embeddable":true,"href":"https:\/\/web.iem-emergencia.com\/ca\/wp-json\/wp\/v2\/tribe_events_cat?post=2171"}],"curies":[{"name":"wp","href":"https:\/\/api.w.org\/{rel}","templated":true}]}}

Traumatisme cranioencefàlic

<p>• Presentació i objectius de la sessió. Epidemiologia i tipus de TCE<br />
• Fisiopatologia de les lesions neurotraumàtiques. Lesions primàries i secundàries. Llei de Monro-Kelly i concepte d&#039;herniació cerebral<br />
• Valoració neurològica inicial d&#039;un pacient amb un TCE<br />
• Pauta d&#039;actuació a UCIAS<br />
• Diagnòstic radiològic de les lesions neurotraumàtiques. Lesions focals i difuses. La classificació del Traumatic Coma Data Bank<br />
• Neuromonitorització al pacient amb un TCE greu<br />
• Tractament de la hipertensió intracranial I: Mesures generals i mesures de primer nivell<br />
• Tractament de la hipertensió intracranial II: Mesures de segon nivell<br />
• Tractament quirúrgic de les lesions neurotraumàtiques<br />
• Atenció Prehospitalària al TCE<br />
• Codi PTT</p>

<p>• Presentación y objetivos de la sesión. Epidemiología y tipos de TCE • Fisiopatología de las lesiones neurotraumáticas. Lesiones primarias y secundarias. Ley de Monro-Kelly y concepto de herniación cerebral [&hellip;]</p>
