{"id":2063,"date":"2019-11-03T17:48:00","date_gmt":"2019-11-03T15:48:00","guid":{"rendered":"https:\/\/iem-emergencia.cat\/?post_type=tribe_events&amp;p=2063"},"modified":"2019-11-03T17:48:00","modified_gmt":"2019-11-03T15:48:00","slug":"actuacion-ante-el-paciente-traumatico-adulto-y-pediatrico","status":"publish","type":"tribe_events","link":"https:\/\/web.iem-emergencia.com\/ca\/event\/actuacion-ante-el-paciente-traumatico-adulto-y-pediatrico\/","title":{"rendered":"Actualitzaci\u00f3 a urg\u00e8ncies i emerg\u00e8ncies pedi\u00e0triques"},"content":{"rendered":"<p>\u2022 Introducci\u00f3: el tractament de les ferides al llarg de la hist\u00f2ria<br \/>\n\u2022 La pell i teixits tous: histologia, estructures i funcions<br \/>\n\u2022 La cicatritzaci\u00f3: fases, factors que afecten el proc\u00e9s de cicatritzaci\u00f3<br \/>\n\u2022 Tipus de ferides agudes i classificaci\u00f3: valoraci\u00f3 d&#039;una ferida, elements a valorar i criteris de gravetat<br \/>\n\u2022 Cremades lleus: valoraci\u00f3 i classificaci\u00f3, criteris de maneig urgent i criteris de derivaci\u00f3<br \/>\n\u2022 Cura en ambient humit: definici\u00f3, caracter\u00edstiques i fonaments biol\u00f2gics<br \/>\n\u2022 Preparaci\u00f3 del llit de la ferida: concepte, acr\u00f2nim TIME, objectius, control de la c\u00e0rrega bacteriana, \u00fas antis\u00e8ptics i antibi\u00f2tics locals<br \/>\n\u2022 Cobertura de la ferida: tipus de materials: antis\u00e8ptics, pomades i ap\u00f2sits. Caracter\u00edstiques i criteris delecci\u00f3 del material de cures.<br \/>\n\u2022 Tancament de ferides (per primera intenci\u00f3): punts de sutura, grapes, tires adhesives i adhesius bio sint\u00e8tics<br \/>\n\u2022 Fixaci\u00f3 d&#039;ap\u00f2sits: materials i t\u00e8cniques de subjecci\u00f3 d&#039;ap\u00f2sits<\/p>","protected":false},"excerpt":{"rendered":"<p>\u2022 Introducci\u00f3n: el tratamiento de las heridas a lo largo de la historia \u2022 La piel y tejidos blandos: histolog\u00eda, estructuras y funciones \u2022 La cicatrizaci\u00f3n: fases, factores que afectan [&hellip;]<\/p>","protected":false},"author":1,"featured_media":2069,"template":"","meta":{"_et_pb_use_builder":"","_et_pb_old_content":"","_et_gb_content_width":"","_tribe_events_status":"","_tribe_events_status_reason":"","_tribe_events_is_hybrid":"","_tribe_events_is_virtual":"","_tribe_events_virtual_video_source":"","_tribe_events_virtual_embed_video":"","_tribe_events_virtual_linked_button_text":"","_tribe_events_virtual_linked_button":"","_tribe_events_virtual_show_embed_at":"","_tribe_events_virtual_show_embed_to":[],"_tribe_events_virtual_show_on_event":"","_tribe_events_virtual_show_on_views":"","_tribe_events_virtual_url":"","footnotes":""},"tags":[45],"tribe_events_cat":[27,17,24],"class_list":["post-2063","tribe_events","type-tribe_events","status-publish","has-post-thumbnail","hentry","tag-traumatico","tribe_events_cat-on-line-presencial","tribe_events_cat-urgencias-medicas-y-quirurgicas","tribe_events_cat-urgencias-traumaticas","cat_on-line-presencial","cat_urgencias-medicas-y-quirurgicas","cat_urgencias-traumaticas"],"_links":{"self":[{"href":"https:\/\/web.iem-emergencia.com\/ca\/wp-json\/wp\/v2\/tribe_events\/2063","targetHints":{"allow":["GET"]}}],"collection":[{"href":"https:\/\/web.iem-emergencia.com\/ca\/wp-json\/wp\/v2\/tribe_events"}],"about":[{"href":"https:\/\/web.iem-emergencia.com\/ca\/wp-json\/wp\/v2\/types\/tribe_events"}],"author":[{"embeddable":true,"href":"https:\/\/web.iem-emergencia.com\/ca\/wp-json\/wp\/v2\/users\/1"}],"version-history":[{"count":0,"href":"https:\/\/web.iem-emergencia.com\/ca\/wp-json\/wp\/v2\/tribe_events\/2063\/revisions"}],"wp:featuredmedia":[{"embeddable":true,"href":"https:\/\/web.iem-emergencia.com\/ca\/wp-json\/"}],"wp:attachment":[{"href":"https:\/\/web.iem-emergencia.com\/ca\/wp-json\/wp\/v2\/media?parent=2063"}],"wp:term":[{"taxonomy":"post_tag","embeddable":true,"href":"https:\/\/web.iem-emergencia.com\/ca\/wp-json\/wp\/v2\/tags?post=2063"},{"taxonomy":"tribe_events_cat","embeddable":true,"href":"https:\/\/web.iem-emergencia.com\/ca\/wp-json\/wp\/v2\/tribe_events_cat?post=2063"}],"curies":[{"name":"wp","href":"https:\/\/api.w.org\/{rel}","templated":true}]}}

Actualització a urgències i emergències pediàtriques

<p>• Introducció: el tractament de les ferides al llarg de la història<br />
• La pell i teixits tous: histologia, estructures i funcions<br />
• La cicatrització: fases, factors que afecten el procés de cicatrització<br />
• Tipus de ferides agudes i classificació: valoració d&#039;una ferida, elements a valorar i criteris de gravetat<br />
• Cremades lleus: valoració i classificació, criteris de maneig urgent i criteris de derivació<br />
• Cura en ambient humit: definició, característiques i fonaments biològics<br />
• Preparació del llit de la ferida: concepte, acrònim TIME, objectius, control de la càrrega bacteriana, ús antisèptics i antibiòtics locals<br />
• Cobertura de la ferida: tipus de materials: antisèptics, pomades i apòsits. Característiques i criteris delecció del material de cures.<br />
• Tancament de ferides (per primera intenció): punts de sutura, grapes, tires adhesives i adhesius bio sintètics<br />
• Fixació d&#039;apòsits: materials i tècniques de subjecció d&#039;apòsits</p>

<p>• Introducción: el tratamiento de las heridas a lo largo de la historia • La piel y tejidos blandos: histología, estructuras y funciones • La cicatrización: fases, factores que afectan [&hellip;]</p>
