{"id":1879,"date":"2019-10-04T11:18:56","date_gmt":"2019-10-04T09:18:56","guid":{"rendered":"https:\/\/iem-emergencia.cat\/?post_type=tribe_events&amp;p=1879"},"modified":"2019-10-04T11:18:56","modified_gmt":"2019-10-04T09:18:56","slug":"soporte-vital-avanzado-en-pediatria-svap","status":"publish","type":"tribe_events","link":"https:\/\/web.iem-emergencia.com\/ca\/event\/soporte-vital-avanzado-en-pediatria-svap\/","title":{"rendered":"Suport Vital Avan\u00e7at a Pediatria (SVAP)"},"content":{"rendered":"<p>\u2022 PCR en el nen: risc, prevenci\u00f3, reconeixement nen greu i diagn\u00f2stic preco\u00e7<br \/>\n\u2022 Reanimaci\u00f3 cardiopulmonar pedi\u00e0trica b\u00e0sica<br \/>\n\u2022 Avaluaci\u00f3 pr\u00e0ctica RCPB nounat, lactant i nen<br \/>\n\u2022 Acc\u00e9s Vascular i Suport farmacol\u00f2gic<br \/>\n\u2022 Suport Avan\u00e7at de la Via A\u00e8ria<br \/>\n\u2022 Atenci\u00f3 Inicial al Trauma pedi\u00e0tric (AITP)<br \/>\n\u2022 Ar\u00edtmies Card\u00edaques a la PCR<br \/>\n\u2022 Pr\u00e0ctica d&#039;AITP<br \/>\n\u2022 RCP avan\u00e7ada integrada Team Leader<br \/>\n\u2022 Estabilitzaci\u00f3 post-RCP i \u00e8tica de la RCP<br \/>\n\u2022 Pr\u00e0ctica RCP avan\u00e7ada integrada<\/p>","protected":false},"excerpt":{"rendered":"<p>\u2022 PCR en el ni\u00f1o: riesgo, prevenci\u00f3n, reconocimiento ni\u00f1o grave y diagn\u00f3stico precoz \u2022 Reanimaci\u00f3n cardiopulmonar pedi\u00e1trica b\u00e1sica \u2022 Evaluaci\u00f3n pr\u00e1ctica RCPB neonato, lactante y ni\u00f1o \u2022 Acceso Vascular y [&hellip;]<\/p>","protected":false},"author":1,"featured_media":1880,"template":"","meta":{"_et_pb_use_builder":"","_et_pb_old_content":"","_et_gb_content_width":"","_tribe_events_status":"","_tribe_events_status_reason":"","_tribe_events_is_hybrid":"","_tribe_events_is_virtual":"","_tribe_events_virtual_video_source":"","_tribe_events_virtual_embed_video":"","_tribe_events_virtual_linked_button_text":"","_tribe_events_virtual_linked_button":"","_tribe_events_virtual_show_embed_at":"","_tribe_events_virtual_show_embed_to":[],"_tribe_events_virtual_show_on_event":"","_tribe_events_virtual_show_on_views":"","_tribe_events_virtual_url":"","footnotes":""},"tags":[40],"tribe_events_cat":[13,17],"class_list":["post-1879","tribe_events","type-tribe_events","status-publish","has-post-thumbnail","hentry","tag-svap","tribe_events_cat-presencial","tribe_events_cat-urgencias-medicas-y-quirurgicas","cat_presencial","cat_urgencias-medicas-y-quirurgicas"],"_links":{"self":[{"href":"https:\/\/web.iem-emergencia.com\/ca\/wp-json\/wp\/v2\/tribe_events\/1879","targetHints":{"allow":["GET"]}}],"collection":[{"href":"https:\/\/web.iem-emergencia.com\/ca\/wp-json\/wp\/v2\/tribe_events"}],"about":[{"href":"https:\/\/web.iem-emergencia.com\/ca\/wp-json\/wp\/v2\/types\/tribe_events"}],"author":[{"embeddable":true,"href":"https:\/\/web.iem-emergencia.com\/ca\/wp-json\/wp\/v2\/users\/1"}],"version-history":[{"count":0,"href":"https:\/\/web.iem-emergencia.com\/ca\/wp-json\/wp\/v2\/tribe_events\/1879\/revisions"}],"wp:featuredmedia":[{"embeddable":true,"href":"https:\/\/web.iem-emergencia.com\/ca\/wp-json\/"}],"wp:attachment":[{"href":"https:\/\/web.iem-emergencia.com\/ca\/wp-json\/wp\/v2\/media?parent=1879"}],"wp:term":[{"taxonomy":"post_tag","embeddable":true,"href":"https:\/\/web.iem-emergencia.com\/ca\/wp-json\/wp\/v2\/tags?post=1879"},{"taxonomy":"tribe_events_cat","embeddable":true,"href":"https:\/\/web.iem-emergencia.com\/ca\/wp-json\/wp\/v2\/tribe_events_cat?post=1879"}],"curies":[{"name":"wp","href":"https:\/\/api.w.org\/{rel}","templated":true}]}}

Suport Vital Avançat a Pediatria (SVAP)

<p>• PCR en el nen: risc, prevenció, reconeixement nen greu i diagnòstic precoç<br />
• Reanimació cardiopulmonar pediàtrica bàsica<br />
• Avaluació pràctica RCPB nounat, lactant i nen<br />
• Accés Vascular i Suport farmacològic<br />
• Suport Avançat de la Via Aèria<br />
• Atenció Inicial al Trauma pediàtric (AITP)<br />
• Arítmies Cardíaques a la PCR<br />
• Pràctica d&#039;AITP<br />
• RCP avançada integrada Team Leader<br />
• Estabilització post-RCP i ètica de la RCP<br />
• Pràctica RCP avançada integrada</p>

<p>• PCR en el niño: riesgo, prevención, reconocimiento niño grave y diagnóstico precoz • Reanimación cardiopulmonar pediátrica básica • Evaluación práctica RCPB neonato, lactante y niño • Acceso Vascular y [&hellip;]</p>
