{"id":1856,"date":"2019-10-04T11:06:29","date_gmt":"2019-10-04T09:06:29","guid":{"rendered":"https:\/\/iem-emergencia.cat\/?post_type=tribe_events&amp;p=1856"},"modified":"2019-10-04T11:06:29","modified_gmt":"2019-10-04T09:06:29","slug":"soporte-vital-inmediato","status":"publish","type":"tribe_events","link":"https:\/\/web.iem-emergencia.com\/ca\/event\/soporte-vital-inmediato\/","title":{"rendered":"Suport Vital Immediat"},"content":{"rendered":"<div class=\"content-area\">\n<p>El curs de Suport Vital Immediat (SVI) est\u00e0 destinat a formar els\/les intervinents en la detecci\u00f3 preco\u00e7 del deteriorament d&#039;un pacient en parada cardiorespirat\u00f2ria (PCR) i en l&#039;aplicaci\u00f3 de les mesures inicials, tot esperant l&#039;arribada dels serveis sanitaris d&#039;emerg\u00e8ncies que puguin realitzar el Suport Vital Avan\u00e7at (SVA). \u00c9s, per tant, un curs que se situa a la franja entre el Suport Vital B\u00e0sic instrumentalitzat amb Desfibril\u00b7lador Extern Automatitzat (SVBI i DEA) i el SVA.<br \/>\nPer a la realitzaci\u00f3 del curs, cal que l&#039;alumne\/a disposi de la certificaci\u00f3 a SVB i DEA amb acreditaci\u00f3 reconeguda pel Consell Catal\u00e0 de Ressuscitaci\u00f3 (CCR).<\/p>\n<p><strong>Acreditacions: <\/strong><br \/>\n5 cr\u00e8dits del Consell Catal\u00e0 de Formaci\u00f3 Continuada de les Professions Sanit\u00e0ries (CCFCPS).*<br \/>\n\u00c9s obligatori el 100% de lassist\u00e8ncia al curs. Els alumnes que superin satisfact\u00f2riament les avaluacions te\u00f2riques (es requereix un 70% de respostes correctes) i pr\u00e0ctiques rebran un certificat oficial em\u00e8s pel CCR<br \/>\n*La concessi\u00f3 de cr\u00e8dits a les activitats formatives acreditades pel CCR dep\u00e8n directament daquest organisme.<\/p>\n<p><strong>OBJECTIUS DEL CURS<\/strong><\/p>\n<ul>\n<li>\u00a0Identificar i tractar un pacient agut greu mitjan\u00e7ant l&#039;aproximaci\u00f3 ABCDE (Via A\u00e8ria, Respiraci\u00f3, Circulaci\u00f3, Neurol\u00f2gica, Exposici\u00f3).<\/li>\n<li>\u00a0Identificar i tractar un pacient en PCR amb DEA<br \/>\no desfibril\u00b7lador manual, material instrumental de la via a\u00e8ria i acc\u00e9s vascular d&#039;urg\u00e8ncia, tot esperant l&#039;arribada d&#039;assist\u00e8ncia m\u00e9s especialitzada.<\/li>\n<li>Incorporar-se com a membre de l&#039;equip de SVA si cal. La difusi\u00f3 del substrat te\u00f2ric i de les habilitats pr\u00e0ctiques que el configuren entre el personal m\u00e8dic, sanitari i no m\u00e8dic i \u201cprimers intervinents\u201d amb la finalitat de preveure i tractar la PCR.<\/li>\n<\/ul>\n<p>&nbsp;<\/p>\n<p><strong>METODOLOGIA <\/strong><\/p>\n<p>1a FASE NO PRESENCIAL: 15 hores<\/p>\n<p>Es duu a terme de manera en l\u00ednia a trav\u00e9s de la plataforma habilitada pel Consell Catala de Resuscitaci\u00f3 (CCR). L&#039;alumne\/a haur\u00e0 de matricular-se de manera individual al curs, despr\u00e9s de rebre les indicacions pertinents per part de l&#039;IEM, i seguir les activitats marcades pels\/per les consultors\/es del curs tenint en compte els terminis establerts. La fase en l\u00ednia inclou una avaluaci\u00f3 te\u00f2rica; la presentaci\u00f3 i superaci\u00f3 de totes les activitats en l\u00ednia \u00e9s imprescindible per poder cursar la fase presencial del curs.<\/p>\n<p>2a FASE PRESENCIAL: 8 hores<\/p>\n<p>Es duu a terme en dues sessions de 4 hores i inclou 1 avaluaci\u00f3 te\u00f2rica, una avaluaci\u00f3 pr\u00e0ctica, classes te\u00f2riques i estacions pr\u00e0ctiques.<\/p>\n<p><strong>PROGRAMA<\/strong><\/p>\n<p>\u2022 Aprenentatge de les habilitats no t\u00e8cniques: treball en equip, lideratge, presa de decisions<br \/>\n\u2022 Reconeixement del pacient cr\u00edtic. Metodologia ABCDE<br \/>\n\u2022 Prevenci\u00f3 de la parada cardiorespirat\u00f2ria<br \/>\n\u2022 Ressuscitaci\u00f3 en centre o \u00e0rea sanit\u00e0ria<br \/>\n\u2022 Algorisme del Suport Vital Avan\u00e7at adaptat al SVI<br \/>\n\u2022 Maneig de la via a\u00e8ria i de la ventilaci\u00f3<br \/>\n\u2022 Ar\u00edtmies. Monitoritzaci\u00f3 i reconeixement<br \/>\n\u2022 Desfibril\u00b7laci\u00f3<br \/>\n\u2022 Vies d&#039;administraci\u00f3 de f\u00e0rmacs<br \/>\n\u2022 F\u00e0rmacs<br \/>\n\u2022 Cures post ressuscitaci\u00f3<\/p>\n<\/div>","protected":false},"excerpt":{"rendered":"<p>El curso de Soporte Vital Inmediato (SVI) est\u00e1 desti\u00adnado a formar a los\/as intervinientes en la detecci\u00f3n precoz del deterioro de un paciente en parada cardio\u00adrrespiratoria (PCR) y en la [&hellip;]<\/p>","protected":false},"author":1,"featured_media":1862,"template":"","meta":{"_et_pb_use_builder":"","_et_pb_old_content":"","_et_gb_content_width":"","_tribe_events_status":"","_tribe_events_status_reason":"","_tribe_events_is_hybrid":"","_tribe_events_is_virtual":"","_tribe_events_virtual_video_source":"","_tribe_events_virtual_embed_video":"","_tribe_events_virtual_linked_button_text":"","_tribe_events_virtual_linked_button":"","_tribe_events_virtual_show_embed_at":"","_tribe_events_virtual_show_embed_to":[],"_tribe_events_virtual_show_on_event":"","_tribe_events_virtual_show_on_views":"","_tribe_events_virtual_url":"","footnotes":""},"tags":[38],"tribe_events_cat":[17],"class_list":["post-1856","tribe_events","type-tribe_events","status-publish","has-post-thumbnail","hentry","tag-svinmediato","tribe_events_cat-urgencias-medicas-y-quirurgicas","cat_urgencias-medicas-y-quirurgicas"],"_links":{"self":[{"href":"https:\/\/web.iem-emergencia.com\/ca\/wp-json\/wp\/v2\/tribe_events\/1856","targetHints":{"allow":["GET"]}}],"collection":[{"href":"https:\/\/web.iem-emergencia.com\/ca\/wp-json\/wp\/v2\/tribe_events"}],"about":[{"href":"https:\/\/web.iem-emergencia.com\/ca\/wp-json\/wp\/v2\/types\/tribe_events"}],"author":[{"embeddable":true,"href":"https:\/\/web.iem-emergencia.com\/ca\/wp-json\/wp\/v2\/users\/1"}],"version-history":[{"count":0,"href":"https:\/\/web.iem-emergencia.com\/ca\/wp-json\/wp\/v2\/tribe_events\/1856\/revisions"}],"wp:featuredmedia":[{"embeddable":true,"href":"https:\/\/web.iem-emergencia.com\/ca\/wp-json\/"}],"wp:attachment":[{"href":"https:\/\/web.iem-emergencia.com\/ca\/wp-json\/wp\/v2\/media?parent=1856"}],"wp:term":[{"taxonomy":"post_tag","embeddable":true,"href":"https:\/\/web.iem-emergencia.com\/ca\/wp-json\/wp\/v2\/tags?post=1856"},{"taxonomy":"tribe_events_cat","embeddable":true,"href":"https:\/\/web.iem-emergencia.com\/ca\/wp-json\/wp\/v2\/tribe_events_cat?post=1856"}],"curies":[{"name":"wp","href":"https:\/\/api.w.org\/{rel}","templated":true}]}}

<div class="content-area">
<p>El curs de Suport Vital Immediat (SVI) està destinat a formar els/les intervinents en la detecció precoç del deteriorament d&#039;un pacient en parada cardiorespiratòria (PCR) i en l&#039;aplicació de les mesures inicials, tot esperant l&#039;arribada dels serveis sanitaris d&#039;emergències que puguin realitzar el Suport Vital Avançat (SVA). És, per tant, un curs que se situa a la franja entre el Suport Vital Bàsic instrumentalitzat amb Desfibril·lador Extern Automatitzat (SVBI i DEA) i el SVA.<br />
Per a la realització del curs, cal que l&#039;alumne/a disposi de la certificació a SVB i DEA amb acreditació reconeguda pel Consell Català de Ressuscitació (CCR).</p>
<p><strong>Acreditacions: </strong><br />
5 crèdits del Consell Català de Formació Continuada de les Professions Sanitàries (CCFCPS).*<br />
És obligatori el 100% de lassistència al curs. Els alumnes que superin satisfactòriament les avaluacions teòriques (es requereix un 70% de respostes correctes) i pràctiques rebran un certificat oficial emès pel CCR<br />
*La concessió de crèdits a les activitats formatives acreditades pel CCR depèn directament daquest organisme.</p>
<p><strong>OBJECTIUS DEL CURS</strong></p>
<ul>
<li> Identificar i tractar un pacient agut greu mitjançant l&#039;aproximació ABCDE (Via Aèria, Respiració, Circulació, Neurològica, Exposició).</li>
<li> Identificar i tractar un pacient en PCR amb DEA<br />
o desfibril·lador manual, material instrumental de la via aèria i accés vascular d&#039;urgència, tot esperant l&#039;arribada d&#039;assistència més especialitzada.</li>
<li>Incorporar-se com a membre de l&#039;equip de SVA si cal. La difusió del substrat teòric i de les habilitats pràctiques que el configuren entre el personal mèdic, sanitari i no mèdic i “primers intervinents” amb la finalitat de preveure i tractar la PCR.</li>
</ul>
<p>&nbsp;</p>
<p><strong>METODOLOGIA </strong></p>
<p>1a FASE NO PRESENCIAL: 15 hores</p>
<p>Es duu a terme de manera en línia a través de la plataforma habilitada pel Consell Catala de Resuscitació (CCR). L&#039;alumne/a haurà de matricular-se de manera individual al curs, després de rebre les indicacions pertinents per part de l&#039;IEM, i seguir les activitats marcades pels/per les consultors/es del curs tenint en compte els terminis establerts. La fase en línia inclou una avaluació teòrica; la presentació i superació de totes les activitats en línia és imprescindible per poder cursar la fase presencial del curs.</p>
<p>2a FASE PRESENCIAL: 8 hores</p>
<p>Es duu a terme en dues sessions de 4 hores i inclou 1 avaluació teòrica, una avaluació pràctica, classes teòriques i estacions pràctiques.</p>
<p><strong>PROGRAMA</strong></p>
<p>• Aprenentatge de les habilitats no tècniques: treball en equip, lideratge, presa de decisions<br />
• Reconeixement del pacient crític. Metodologia ABCDE<br />
• Prevenció de la parada cardiorespiratòria<br />
• Ressuscitació en centre o àrea sanitària<br />
• Algorisme del Suport Vital Avançat adaptat al SVI<br />
• Maneig de la via aèria i de la ventilació<br />
• Arítmies. Monitorització i reconeixement<br />
• Desfibril·lació<br />
• Vies d&#039;administració de fàrmacs<br />
• Fàrmacs<br />
• Cures post ressuscitació</p>
</div>

<p>El curso de Soporte Vital Inmediato (SVI) está desti­nado a formar a los/as intervinientes en la detección precoz del deterioro de un paciente en parada cardio­rrespiratoria (PCR) y en la [&hellip;]</p>
