{"id":1818,"date":"2019-10-04T10:42:53","date_gmt":"2019-10-04T08:42:53","guid":{"rendered":"https:\/\/iem-emergencia.cat\/?post_type=tribe_events&amp;p=1818"},"modified":"2019-10-04T10:42:53","modified_gmt":"2019-10-04T08:42:53","slug":"soporte-vital-intermedio-en-pediatria","status":"publish","type":"tribe_events","link":"https:\/\/web.iem-emergencia.com\/ca\/event\/soporte-vital-intermedio-en-pediatria\/","title":{"rendered":"Suport Vital Intermedi a Pediatria"},"content":{"rendered":"<p>\u2022 Reconeixement i maneig inicial del pacient pedi\u00e0tric greu<br \/>\n\u2022 Metodologia ABCDE<br \/>\n\u2022 Suport Vital B\u00e0sic, obstrucci\u00f3 de la via a\u00e8ria i seq\u00fc\u00e8ncia d\u201factuaci\u00f3 amb DEA<br \/>\n\u2022 \u00das del DEA<br \/>\n\u2022 Mobilitzaci\u00f3, immobilitzaci\u00f3 i posici\u00f3 lateral de seguretat (PLS)<br \/>\n\u2022 Maneig instrumentalitzat de la via a\u00e8ria i oxigenoter\u00e0pia<br \/>\n\u2022 Acc\u00e9s vascular, f\u00e0rmacs i fluids a RCP interm\u00e8dia<br \/>\n\u2022 Integraci\u00f3 en Suport Vital. El carro d&#039;aturades<br \/>\n\u2022 \u00c8tica a RCP<br \/>\n\u2022 Sistema d&#039;Emerg\u00e8ncies M\u00e8diques<br \/>\n\u2022 Simulacre \u2013 demostraci\u00f3 de Suport Vital Intermedi Pedi\u00e0tric (SVIP)<\/p>","protected":false},"excerpt":{"rendered":"<p>\u2022 Reconocimiento y manejo inicial del paciente pedi\u00e1trico grave \u2022 Metodolog\u00eda ABCDE \u2022 Soporte Vital B\u00e1sico, obstrucci\u00f3n de la v\u00eda a\u00e9rea y secuencia de actuaci\u00f3n con DEA \u2022 Uso del [&hellip;]<\/p>","protected":false},"author":1,"featured_media":1819,"template":"","meta":{"_et_pb_use_builder":"","_et_pb_old_content":"","_et_gb_content_width":"","_tribe_events_status":"","_tribe_events_status_reason":"","_tribe_events_is_hybrid":"","_tribe_events_is_virtual":"","_tribe_events_virtual_video_source":"","_tribe_events_virtual_embed_video":"","_tribe_events_virtual_linked_button_text":"","_tribe_events_virtual_linked_button":"","_tribe_events_virtual_show_embed_at":"","_tribe_events_virtual_show_embed_to":[],"_tribe_events_virtual_show_on_event":"","_tribe_events_virtual_show_on_views":"","_tribe_events_virtual_url":"","footnotes":""},"tags":[34],"tribe_events_cat":[17],"class_list":["post-1818","tribe_events","type-tribe_events","status-publish","has-post-thumbnail","hentry","tag-svi-pediatria","tribe_events_cat-urgencias-medicas-y-quirurgicas","cat_urgencias-medicas-y-quirurgicas"],"_links":{"self":[{"href":"https:\/\/web.iem-emergencia.com\/ca\/wp-json\/wp\/v2\/tribe_events\/1818","targetHints":{"allow":["GET"]}}],"collection":[{"href":"https:\/\/web.iem-emergencia.com\/ca\/wp-json\/wp\/v2\/tribe_events"}],"about":[{"href":"https:\/\/web.iem-emergencia.com\/ca\/wp-json\/wp\/v2\/types\/tribe_events"}],"author":[{"embeddable":true,"href":"https:\/\/web.iem-emergencia.com\/ca\/wp-json\/wp\/v2\/users\/1"}],"version-history":[{"count":0,"href":"https:\/\/web.iem-emergencia.com\/ca\/wp-json\/wp\/v2\/tribe_events\/1818\/revisions"}],"wp:featuredmedia":[{"embeddable":true,"href":"https:\/\/web.iem-emergencia.com\/ca\/wp-json\/"}],"wp:attachment":[{"href":"https:\/\/web.iem-emergencia.com\/ca\/wp-json\/wp\/v2\/media?parent=1818"}],"wp:term":[{"taxonomy":"post_tag","embeddable":true,"href":"https:\/\/web.iem-emergencia.com\/ca\/wp-json\/wp\/v2\/tags?post=1818"},{"taxonomy":"tribe_events_cat","embeddable":true,"href":"https:\/\/web.iem-emergencia.com\/ca\/wp-json\/wp\/v2\/tribe_events_cat?post=1818"}],"curies":[{"name":"wp","href":"https:\/\/api.w.org\/{rel}","templated":true}]}}

<p>• Reconeixement i maneig inicial del pacient pediàtric greu<br />
• Metodologia ABCDE<br />
• Suport Vital Bàsic, obstrucció de la via aèria i seqüència d‟actuació amb DEA<br />
• Ús del DEA<br />
• Mobilització, immobilització i posició lateral de seguretat (PLS)<br />
• Maneig instrumentalitzat de la via aèria i oxigenoteràpia<br />
• Accés vascular, fàrmacs i fluids a RCP intermèdia<br />
• Integració en Suport Vital. El carro d&#039;aturades<br />
• Ètica a RCP<br />
• Sistema d&#039;Emergències Mèdiques<br />
• Simulacre – demostració de Suport Vital Intermedi Pediàtric (SVIP)</p>

<p>• Reconocimiento y manejo inicial del paciente pediátrico grave • Metodología ABCDE • Soporte Vital Básico, obstrucción de la vía aérea y secuencia de actuación con DEA • Uso del [&hellip;]</p>
