{"id":1808,"date":"2019-10-04T10:36:38","date_gmt":"2019-10-04T08:36:38","guid":{"rendered":"https:\/\/iem-emergencia.cat\/?post_type=tribe_events&amp;p=1808"},"modified":"2019-10-04T10:36:38","modified_gmt":"2019-10-04T08:36:38","slug":"curso-de-seguridad-y-prevencion-en-espacios-confinados","status":"publish","type":"tribe_events","link":"https:\/\/web.iem-emergencia.com\/ca\/event\/curso-de-seguridad-y-prevencion-en-espacios-confinados\/","title":{"rendered":"Curs de seguretat i prevenci\u00f3 en espais confinats"},"content":{"rendered":"<p>\u2022 Coneixement del marc legal de la prevenci\u00f3 i la seguretat laboral en l&#039;\u00e0mbit dels espais confinats<br \/>\n\u2022 L&#039;espai confinat Definici\u00f3<br \/>\n\u2022 Escenaris possibles<br \/>\n\u2022 Riscos principals en el treball en espais confinats<br \/>\n\u2022 \u00das de les mesures d\u201fautoprotecci\u00f3 en aquest tipus d\u201fentorn.<br \/>\n\u2022 Aparells de mesura i detecci\u00f3<br \/>\n\u2022 EPIs espec\u00edfics<br \/>\n\u2022 La v\u00edctima intoxicada. La v\u00edctima asfixiada. v\u00edctima traum\u00e0tica<br \/>\n\u2022 Utilitzaci\u00f3 correcta dels EPIs individuals<br \/>\n\u2022 Interpretaci\u00f3 dels aparells de mesura<br \/>\n\u2022 Coneixement de les t\u00e8cniques de rescat associades al rescat<br \/>\n\u2022 Simulacions i escenaris per a la identificaci\u00f3 del risc a l&#039;espai confinat<br \/>\n\u2022 Abordatge de la v\u00edctima traum\u00e0tica.<br \/>\n\u2022 Abordatge de la v\u00edctima asfixiada i\/o intoxicada<br \/>\n\u2022 Simulacions de diverses situacions-Visita d&#039;espais reals<\/p>","protected":false},"excerpt":{"rendered":"<p>\u2022 Conocimiento del marco legal de la prevenci\u00f3n y seguridad laboral en el \u00e1mbito de los espacios confinados \u2022 El espacio confinado Definici\u00f3n \u2022 Escenarios posibles \u2022 Riesgos principales en [&hellip;]<\/p>","protected":false},"author":1,"featured_media":1810,"template":"","meta":{"_et_pb_use_builder":"","_et_pb_old_content":"","_et_gb_content_width":"","_tribe_events_status":"","_tribe_events_status_reason":"","_tribe_events_is_hybrid":"","_tribe_events_is_virtual":"","_tribe_events_virtual_video_source":"","_tribe_events_virtual_embed_video":"","_tribe_events_virtual_linked_button_text":"","_tribe_events_virtual_linked_button":"","_tribe_events_virtual_show_embed_at":"","_tribe_events_virtual_show_embed_to":[],"_tribe_events_virtual_show_on_event":"","_tribe_events_virtual_show_on_views":"","_tribe_events_virtual_url":"","footnotes":""},"tags":[33],"tribe_events_cat":[14],"class_list":["post-1808","tribe_events","type-tribe_events","status-publish","has-post-thumbnail","hentry","tag-espacios-confinados","tribe_events_cat-urgencias-en-situaciones-especiales-y-salvamento","cat_urgencias-en-situaciones-especiales-y-salvamento"],"_links":{"self":[{"href":"https:\/\/web.iem-emergencia.com\/ca\/wp-json\/wp\/v2\/tribe_events\/1808","targetHints":{"allow":["GET"]}}],"collection":[{"href":"https:\/\/web.iem-emergencia.com\/ca\/wp-json\/wp\/v2\/tribe_events"}],"about":[{"href":"https:\/\/web.iem-emergencia.com\/ca\/wp-json\/wp\/v2\/types\/tribe_events"}],"author":[{"embeddable":true,"href":"https:\/\/web.iem-emergencia.com\/ca\/wp-json\/wp\/v2\/users\/1"}],"version-history":[{"count":0,"href":"https:\/\/web.iem-emergencia.com\/ca\/wp-json\/wp\/v2\/tribe_events\/1808\/revisions"}],"wp:featuredmedia":[{"embeddable":true,"href":"https:\/\/web.iem-emergencia.com\/ca\/wp-json\/"}],"wp:attachment":[{"href":"https:\/\/web.iem-emergencia.com\/ca\/wp-json\/wp\/v2\/media?parent=1808"}],"wp:term":[{"taxonomy":"post_tag","embeddable":true,"href":"https:\/\/web.iem-emergencia.com\/ca\/wp-json\/wp\/v2\/tags?post=1808"},{"taxonomy":"tribe_events_cat","embeddable":true,"href":"https:\/\/web.iem-emergencia.com\/ca\/wp-json\/wp\/v2\/tribe_events_cat?post=1808"}],"curies":[{"name":"wp","href":"https:\/\/api.w.org\/{rel}","templated":true}]}}

Curs de seguretat i prevenció en espais confinats

<p>• Coneixement del marc legal de la prevenció i la seguretat laboral en l&#039;àmbit dels espais confinats<br />
• L&#039;espai confinat Definició<br />
• Escenaris possibles<br />
• Riscos principals en el treball en espais confinats<br />
• Ús de les mesures d‟autoprotecció en aquest tipus d‟entorn.<br />
• Aparells de mesura i detecció<br />
• EPIs específics<br />
• La víctima intoxicada. La víctima asfixiada. víctima traumàtica<br />
• Utilització correcta dels EPIs individuals<br />
• Interpretació dels aparells de mesura<br />
• Coneixement de les tècniques de rescat associades al rescat<br />
• Simulacions i escenaris per a la identificació del risc a l&#039;espai confinat<br />
• Abordatge de la víctima traumàtica.<br />
• Abordatge de la víctima asfixiada i/o intoxicada<br />
• Simulacions de diverses situacions-Visita d&#039;espais reals</p>

<p>• Conocimiento del marco legal de la prevención y seguridad laboral en el ámbito de los espacios confinados • El espacio confinado Definición • Escenarios posibles • Riesgos principales en [&hellip;]</p>
