{"id":1757,"date":"2019-10-02T12:50:18","date_gmt":"2019-10-02T10:50:18","guid":{"rendered":"https:\/\/iem-emergencia.cat\/?post_type=tribe_events&amp;p=1757"},"modified":"2019-10-02T12:50:18","modified_gmt":"2019-10-02T10:50:18","slug":"capsula-formativa-basica-de-prevencion-y-seguridad-integral","status":"publish","type":"tribe_events","link":"https:\/\/web.iem-emergencia.com\/ca\/event\/capsula-formativa-basica-de-prevencion-y-seguridad-integral\/","title":{"rendered":"C\u00e0psula formativa b\u00e0sica de prevenci\u00f3 i seguretat integral"},"content":{"rendered":"<p>\u2022 Actuaci\u00f3 davant d&#039;una parada cardiorespirat\u00f2ria<br \/>\n\u2022 Reacci\u00f3 davant del testimoniatge d&#039;un accident de tr\u00e0nsit<br \/>\n\u2022 Actuaci\u00f3 davant d&#039;un ennuegament<br \/>\n\u2022 Actuaci\u00f3 davant d&#039;un incident amb un vehicle cremat<br \/>\n\u2022 Seguretat i prevenci\u00f3 en espais p\u00fablics<br \/>\n\u2022 Riscos d&#039;incendi - Evacuaci\u00f3 d&#039;una v\u00edctima inconscient en cas d&#039;incendi<\/p>","protected":false},"excerpt":{"rendered":"<p>\u2022 Actuaci\u00f3n ante una parada cardiorrespiratoria \u2022 Reacci\u00f3n ante el testimonio de un accidente de tr\u00e1fico \u2022 Actuaci\u00f3n ante un atragantamiento \u2022 Actuaci\u00f3n ante un incidente con un veh\u00edculo quemado [&hellip;]<\/p>","protected":false},"author":1,"featured_media":1758,"template":"","meta":{"_et_pb_use_builder":"","_et_pb_old_content":"","_et_gb_content_width":"","_tribe_events_status":"","_tribe_events_status_reason":"","_tribe_events_is_hybrid":"","_tribe_events_is_virtual":"","_tribe_events_virtual_video_source":"","_tribe_events_virtual_embed_video":"","_tribe_events_virtual_linked_button_text":"","_tribe_events_virtual_linked_button":"","_tribe_events_virtual_show_embed_at":"","_tribe_events_virtual_show_embed_to":[],"_tribe_events_virtual_show_on_event":"","_tribe_events_virtual_show_on_views":"","_tribe_events_virtual_url":"","footnotes":""},"tags":[29],"tribe_events_cat":[28],"class_list":["post-1757","tribe_events","type-tribe_events","status-publish","has-post-thumbnail","hentry","tag-capsula-seguridad","tribe_events_cat-urgencias-miscelanea","cat_urgencias-miscelanea"],"_links":{"self":[{"href":"https:\/\/web.iem-emergencia.com\/ca\/wp-json\/wp\/v2\/tribe_events\/1757","targetHints":{"allow":["GET"]}}],"collection":[{"href":"https:\/\/web.iem-emergencia.com\/ca\/wp-json\/wp\/v2\/tribe_events"}],"about":[{"href":"https:\/\/web.iem-emergencia.com\/ca\/wp-json\/wp\/v2\/types\/tribe_events"}],"author":[{"embeddable":true,"href":"https:\/\/web.iem-emergencia.com\/ca\/wp-json\/wp\/v2\/users\/1"}],"version-history":[{"count":0,"href":"https:\/\/web.iem-emergencia.com\/ca\/wp-json\/wp\/v2\/tribe_events\/1757\/revisions"}],"wp:featuredmedia":[{"embeddable":true,"href":"https:\/\/web.iem-emergencia.com\/ca\/wp-json\/"}],"wp:attachment":[{"href":"https:\/\/web.iem-emergencia.com\/ca\/wp-json\/wp\/v2\/media?parent=1757"}],"wp:term":[{"taxonomy":"post_tag","embeddable":true,"href":"https:\/\/web.iem-emergencia.com\/ca\/wp-json\/wp\/v2\/tags?post=1757"},{"taxonomy":"tribe_events_cat","embeddable":true,"href":"https:\/\/web.iem-emergencia.com\/ca\/wp-json\/wp\/v2\/tribe_events_cat?post=1757"}],"curies":[{"name":"wp","href":"https:\/\/api.w.org\/{rel}","templated":true}]}}

Càpsula formativa bàsica de prevenció i seguretat integral

<p>• Actuació davant d&#039;una parada cardiorespiratòria<br />
• Reacció davant del testimoniatge d&#039;un accident de trànsit<br />
• Actuació davant d&#039;un ennuegament<br />
• Actuació davant d&#039;un incident amb un vehicle cremat<br />
• Seguretat i prevenció en espais públics<br />
• Riscos d&#039;incendi - Evacuació d&#039;una víctima inconscient en cas d&#039;incendi</p>

<p>• Actuación ante una parada cardiorrespiratoria • Reacción ante el testimonio de un accidente de tráfico • Actuación ante un atragantamiento • Actuación ante un incidente con un vehículo quemado [&hellip;]</p>
