{"id":1697,"date":"2019-10-02T11:33:42","date_gmt":"2019-10-02T09:33:42","guid":{"rendered":"https:\/\/iem-emergencia.cat\/?post_type=tribe_events&amp;p=1697"},"modified":"2019-10-02T11:33:42","modified_gmt":"2019-10-02T09:33:42","slug":"via-aerea-y-ventilacion-mecanica-en-urgencias-y-emergencias","status":"publish","type":"tribe_events","link":"https:\/\/web.iem-emergencia.com\/ca\/event\/via-aerea-y-ventilacion-mecanica-en-urgencias-y-emergencias\/","title":{"rendered":"Via a\u00e8ria i ventilaci\u00f3 mec\u00e0nica a urg\u00e8ncies i emerg\u00e8ncies"},"content":{"rendered":"<p>\u2022 Maneig de la via a\u00e8ria en situacions durg\u00e8ncia i emerg\u00e8ncia<br \/>\n\u2022 Sedaci\u00f3 i analg\u00e8sia<br \/>\n\u2022 Ventilaci\u00f3 mec\u00e0nica en situacions especials<br \/>\n\u2022 Ventilaci\u00f3 no invasiva<br \/>\n\u2022 Ventilaci\u00f3 amb pilota autoinflable de ressuscitaci\u00f3<br \/>\n\u2022 Intubaci\u00f3 orotraqueal (IOT)<br \/>\n\u2022 M\u00e0scara lar\u00edngia<br \/>\n\u2022 Fastrach en adult<br \/>\n\u2022 Casos cl\u00ednics al simulador d&#039;alta generaci\u00f3 (Sinman)<br \/>\n\u2022 Pr\u00e0ctiques en servei d&#039;anestesiologia i reanimaci\u00f3<\/p>","protected":false},"excerpt":{"rendered":"<p>\u2022 Manejo de la v\u00eda a\u00e9rea en situaciones de urgencia y emergencia \u2022 Sedaci\u00f3n y analgesia \u2022 Ventilaci\u00f3n mec\u00e1nica en situaciones especiales \u2022 Ventilaci\u00f3n no invasiva \u2022 Ventilaci\u00f3n con bal\u00f3n [&hellip;]<\/p>","protected":false},"author":1,"featured_media":1695,"template":"","meta":{"_et_pb_use_builder":"","_et_pb_old_content":"","_et_gb_content_width":"","_tribe_events_status":"","_tribe_events_status_reason":"","_tribe_events_is_hybrid":"","_tribe_events_is_virtual":"","_tribe_events_virtual_video_source":"","_tribe_events_virtual_embed_video":"","_tribe_events_virtual_linked_button_text":"","_tribe_events_virtual_linked_button":"","_tribe_events_virtual_show_embed_at":"","_tribe_events_virtual_show_embed_to":[],"_tribe_events_virtual_show_on_event":"","_tribe_events_virtual_show_on_views":"","_tribe_events_virtual_url":"","footnotes":""},"tags":[19],"tribe_events_cat":[13,17],"class_list":["post-1697","tribe_events","type-tribe_events","status-publish","has-post-thumbnail","hentry","tag-via-aerea","tribe_events_cat-presencial","tribe_events_cat-urgencias-medicas-y-quirurgicas","cat_presencial","cat_urgencias-medicas-y-quirurgicas"],"_links":{"self":[{"href":"https:\/\/web.iem-emergencia.com\/ca\/wp-json\/wp\/v2\/tribe_events\/1697","targetHints":{"allow":["GET"]}}],"collection":[{"href":"https:\/\/web.iem-emergencia.com\/ca\/wp-json\/wp\/v2\/tribe_events"}],"about":[{"href":"https:\/\/web.iem-emergencia.com\/ca\/wp-json\/wp\/v2\/types\/tribe_events"}],"author":[{"embeddable":true,"href":"https:\/\/web.iem-emergencia.com\/ca\/wp-json\/wp\/v2\/users\/1"}],"version-history":[{"count":0,"href":"https:\/\/web.iem-emergencia.com\/ca\/wp-json\/wp\/v2\/tribe_events\/1697\/revisions"}],"wp:featuredmedia":[{"embeddable":true,"href":"https:\/\/web.iem-emergencia.com\/ca\/wp-json\/"}],"wp:attachment":[{"href":"https:\/\/web.iem-emergencia.com\/ca\/wp-json\/wp\/v2\/media?parent=1697"}],"wp:term":[{"taxonomy":"post_tag","embeddable":true,"href":"https:\/\/web.iem-emergencia.com\/ca\/wp-json\/wp\/v2\/tags?post=1697"},{"taxonomy":"tribe_events_cat","embeddable":true,"href":"https:\/\/web.iem-emergencia.com\/ca\/wp-json\/wp\/v2\/tribe_events_cat?post=1697"}],"curies":[{"name":"wp","href":"https:\/\/api.w.org\/{rel}","templated":true}]}}

Via aèria i ventilació mecànica a urgències i emergències

<p>• Maneig de la via aèria en situacions durgència i emergència<br />
• Sedació i analgèsia<br />
• Ventilació mecànica en situacions especials<br />
• Ventilació no invasiva<br />
• Ventilació amb pilota autoinflable de ressuscitació<br />
• Intubació orotraqueal (IOT)<br />
• Màscara laríngia<br />
• Fastrach en adult<br />
• Casos clínics al simulador d&#039;alta generació (Sinman)<br />
• Pràctiques en servei d&#039;anestesiologia i reanimació</p>

<p>• Manejo de la vía aérea en situaciones de urgencia y emergencia • Sedación y analgesia • Ventilación mecánica en situaciones especiales • Ventilación no invasiva • Ventilación con balón [&hellip;]</p>
