{"id":10000181,"date":"2019-11-03T18:40:48","date_gmt":"2019-11-03T16:40:48","guid":{"rendered":"https:\/\/iem-emergencia.cat\/?post_type=tribe_events&amp;p=2153"},"modified":"2019-11-03T18:40:48","modified_gmt":"2019-11-03T16:40:48","slug":"atencion-a-pacientes-quemados-y-victimas-de-incendio","status":"publish","type":"tribe_events","link":"https:\/\/web.iem-emergencia.com\/ca\/event\/atencion-a-pacientes-quemados-y-victimas-de-incendio\/2021-11-27\/","title":{"rendered":"Atenci\u00f3 a pacients cremats i v\u00edctimes dincendi"},"content":{"rendered":"<p>\u2022 Atenci\u00f3 inicial de les cremades: reconeixement del tipus de cremades i el tractament corresponent<br \/>\n\u2022 Intoxicaci\u00f3 per inhalaci\u00f3 de fums: subst\u00e0ncies generades en incendis, fisiopatologia i tractament<br \/>\n\u2022 Abordatge i tractament inicial prehospitalari de les v\u00edctimes dincendi<\/p>","protected":false},"excerpt":{"rendered":"<p>\u2022 Atenci\u00f3n inicial de las quemaduras: reconocimiento del tipo de quemaduras y su tratamiento correspondiente \u2022 Intoxicaci\u00f3n por inhalaci\u00f3n de humos: sustancias generadas en incendios, fisiopatolog\u00eda y tratamiento \u2022 Abordaje [&hellip;]<\/p>","protected":false},"author":1,"featured_media":2158,"template":"","meta":{"_et_pb_use_builder":"","_et_pb_old_content":"","_et_gb_content_width":"","_tribe_events_status":"","_tribe_events_status_reason":"","_tribe_events_is_hybrid":"","_tribe_events_is_virtual":"","_tribe_events_virtual_video_source":"","_tribe_events_virtual_embed_video":"","_tribe_events_virtual_linked_button_text":"","_tribe_events_virtual_linked_button":"","_tribe_events_virtual_show_embed_at":"","_tribe_events_virtual_show_embed_to":[],"_tribe_events_virtual_show_on_event":"","_tribe_events_virtual_show_on_views":"","_tribe_events_virtual_url":"","footnotes":""},"tags":[53],"tribe_events_cat":[13,17,24],"class_list":["post-10000181","tribe_events","type-tribe_events","status-publish","has-post-thumbnail","hentry","tag-quemado","tribe_events_cat-presencial","tribe_events_cat-urgencias-medicas-y-quirurgicas","tribe_events_cat-urgencias-traumaticas","cat_presencial","cat_urgencias-medicas-y-quirurgicas","cat_urgencias-traumaticas","tribe-recurring-event","tribe-recurring-event-parent"],"_links":{"self":[{"href":"https:\/\/web.iem-emergencia.com\/ca\/wp-json\/wp\/v2\/tribe_events\/10000181","targetHints":{"allow":["GET"]}}],"collection":[{"href":"https:\/\/web.iem-emergencia.com\/ca\/wp-json\/wp\/v2\/tribe_events"}],"about":[{"href":"https:\/\/web.iem-emergencia.com\/ca\/wp-json\/wp\/v2\/types\/tribe_events"}],"author":[{"embeddable":true,"href":"https:\/\/web.iem-emergencia.com\/ca\/wp-json\/wp\/v2\/users\/1"}],"version-history":[{"count":0,"href":"https:\/\/web.iem-emergencia.com\/ca\/wp-json\/wp\/v2\/tribe_events\/10000181\/revisions"}],"wp:featuredmedia":[{"embeddable":true,"href":"https:\/\/web.iem-emergencia.com\/ca\/wp-json\/"}],"wp:attachment":[{"href":"https:\/\/web.iem-emergencia.com\/ca\/wp-json\/wp\/v2\/media?parent=10000181"}],"wp:term":[{"taxonomy":"post_tag","embeddable":true,"href":"https:\/\/web.iem-emergencia.com\/ca\/wp-json\/wp\/v2\/tags?post=10000181"},{"taxonomy":"tribe_events_cat","embeddable":true,"href":"https:\/\/web.iem-emergencia.com\/ca\/wp-json\/wp\/v2\/tribe_events_cat?post=10000181"}],"curies":[{"name":"wp","href":"https:\/\/api.w.org\/{rel}","templated":true}]}}

Atenció a pacients cremats i víctimes dincendi

<p>• Atenció inicial de les cremades: reconeixement del tipus de cremades i el tractament corresponent<br />
• Intoxicació per inhalació de fums: substàncies generades en incendis, fisiopatologia i tractament<br />
• Abordatge i tractament inicial prehospitalari de les víctimes dincendi</p>

<p>• Atención inicial de las quemaduras: reconocimiento del tipo de quemaduras y su tratamiento correspondiente • Intoxicación por inhalación de humos: sustancias generadas en incendios, fisiopatología y tratamiento • Abordaje [&hellip;]</p>
