{"id":10000150,"date":"2019-10-04T10:07:47","date_gmt":"2019-10-04T08:07:47","guid":{"rendered":"https:\/\/iem-emergencia.cat\/?post_type=tribe_events&amp;p=1769"},"modified":"2019-10-04T10:07:47","modified_gmt":"2019-10-04T08:07:47","slug":"soporte-vital-avanzado","status":"publish","type":"tribe_events","link":"https:\/\/web.iem-emergencia.com\/ca\/event\/soporte-vital-avanzado\/2021-11-23\/","title":{"rendered":"Suport Vital Avan\u00e7at"},"content":{"rendered":"<p><strong>INTRODUCCI\u00d3<\/strong><br \/>\nCada any es produeixen a Espanya al voltant de 40.000 aturades card\u00edaques: una cada 13 minuts de mitjana. La superviv\u00e8ncia dels pacients que pateixen aquest tipus de malalties \u00e9s d&#039;un 11 %: nom\u00e9s en 1 \u00b7 de cada 5 casos reben maniobres de reanimaci\u00f3, i nom\u00e9s el 6% de la poblaci\u00f3 sap fer una reanimaci\u00f3 cardiopulmonar (RCP).<br \/>\nAquesta alta mortalitat pot disminuir si es realitzen una s\u00e8rie d&#039;accions, totes importants, que configuren el que s&#039;anomena Cadena de la Superviv\u00e8ncia:<\/p>\n<p>1. Reconeixement preco\u00e7 dels s\u00edmptomes i activaci\u00f3 preco\u00e7 del sistema d&#039;emerg\u00e8ncies prehospital\u00e0ries<br \/>\n2. Inici r\u00e0pid i adequat de les t\u00e8cniques de Suport Vital B\u00e0sic (SVB)<br \/>\n3. Desfibril\u00b7laci\u00f3 preco\u00e7<br \/>\n4. Inici r\u00e0pid i adequat de les t\u00e8cniques de Suport Vital Avan\u00e7at (SVA) i cures post-ressuscitaci\u00f3<\/p>\n<p>Tot i que s&#039;hagi realitzat un SVB i una Desfibril\u00b7laci\u00f3 preco\u00e7, si les t\u00e8cniques de SVA i cures post-ressuscitaci\u00f3 s&#039;endarrereixen o s\u00f3n inadequades, la \u201cCadena de Superviv\u00e8ncia\u201d es trenca.<br \/>\nEl SVA inclou: Suport Vital B\u00e0sic, ocupaci\u00f3 d&#039;equip avan\u00e7at i t\u00e8cniques especials per establir i mantenir una ventilaci\u00f3 i circulaci\u00f3 efectives, monitoritzaci\u00f3 ECG, interpretaci\u00f3 ECG de 12 derivades, reconeixement i interpretaci\u00f3 d&#039;ar\u00edtmies, establiment i manteniment d&#039;accessos vasculars, tractament de pacients amb atur respiratori i\/o pacient. Coronari Agut i, finalment, estrat\u00e8gies per a la r\u00e0pida valoraci\u00f3 i tractament fibrinol\u00edtic, si est\u00e0 indicat, als pacients amb AVC isqu\u00e8mic.<\/p>\n<p><strong>OBJECTIU GENERAL<\/strong><br \/>\nL&#039;objectiu b\u00e0sic dels cursos de SVA \u00e9s la difusi\u00f3 del substrat te\u00f2ric i de les habilitats pr\u00e0ctiques que el configuren entre el personal m\u00e8dic i d&#039;infermeria, per prevenir i tractar la parada cardiorespirat\u00f2ria (PCR).<\/p>\n<p><strong>METODOLOGIA<\/strong><\/p>\n<p>1a FASE NO PRESENCIAL: 12 hores<\/p>\n<p>Es duu a terme de manera en l\u00ednia a trav\u00e9s de la plataforma habilitada pel Consell Catala de Resuscitaci\u00f3 (CCR). L&#039;alumne\/a haur\u00e0 de matricular-se de manera individual al curs, despr\u00e9s de rebre les indicacions pertinents per part de l&#039;IEM, i seguir les activitats marcades pels consultors del curs tenint en compte els terminis establerts. La fase en l\u00ednia inclou una avaluaci\u00f3 te\u00f2rica; la presentaci\u00f3 i superaci\u00f3 de totes les activitats en l\u00ednia \u00e9s imprescindible per poder cursar la fase presencial del curs.<\/p>\n<p>2a FASE PRESENCIAL: 12 hores, dividides en 3 sessions de 4 hores<br \/>\nAquesta fase inclou 2 avaluacions te\u00f2riques, una avaluaci\u00f3 pr\u00e0ctica, classes te\u00f2riques i estacions pr\u00e0ctiques.<\/p>\n<p><strong>AVALUACI\u00d3 I CERTIFICACI\u00d3<\/strong><br \/>\n\u00c9s obligatori assistir al 100% del curs. Els\/les alumnes han de superar satisfact\u00f2riament les avaluacions te\u00f2riques (es requereix un 70% de respostes correctes) i totes les avaluacions pr\u00e0ctiques.<br \/>\nEls alumnes que superin satisfact\u00f2riament el curs rebran:<\/p>\n<p>Certificat oficial em\u00e8s pel Consell Catal\u00e0 de Resuscitaci\u00f3 (CCR) reconegut pel Consell Espanyol de RCP segons les guies 2015 de l&#039;European Resuscitation Council (ERC).<br \/>\nAquest certificat compta amb cr\u00e8dits del Consell Catal\u00e0 de Forrnaci\u00f3 Continuada de les Professions Sanit\u00e0ries.*<\/p>\n<p>*La concessi\u00f3 de cr\u00e8dits a les activitats formatives acreditades pel CCR dep\u00e8n directament d&#039;aquest organisme<\/p>\n<p>&nbsp;<\/p>\n<p><strong>PROGRAMA<\/strong><\/p>\n<p>\u2022 Reconeixement del pacient cr\u00edtic<br \/>\n\u2022 Metodologia ABCDE<br \/>\n\u2022 Prevenci\u00f3 de la parada cardiorespirat\u00f2ria<br \/>\n\u2022 Reconeixement de la PCR<br \/>\n\u2022 Aprenentatge de les habilitats no t\u00e8cniques: treball en equip, lideratge, presa de decisions<br \/>\n\u2022 Ressuscitaci\u00f3 en centre o \u00e0rea sanit\u00e0ria<br \/>\n\u2022 Reanimaci\u00f3 cardiopulmonar de gran qualitat<br \/>\n\u2022 Algorisme del Suport Vital Avan\u00e7at<br \/>\n\u2022 Maneig de la via a\u00e8ria i de la ventilaci\u00f3<br \/>\n\u2022 Ar\u00edtmies. Monitoritzaci\u00f3 i reconeixement<br \/>\n\u2022 Desfibril\u00b7laci\u00f3 i cardioversi\u00f3<br \/>\n\u2022 Vies d&#039;administraci\u00f3 de f\u00e0rmacs<br \/>\n\u2022 F\u00e0rmacs<br \/>\n\u2022 Cures post ressuscitaci\u00f3<\/p>","protected":false},"excerpt":{"rendered":"<p>INTRODUCCI\u00d3N Cada a\u00f1o se producen en Espa\u00f1a alrededor de 40.000 paros card\u00edacos: uno cada 13 minutos de media. La supervi\u00advencia de los pacientes que padecen este tipo de dolencias es [&hellip;]<\/p>","protected":false},"author":1,"featured_media":1770,"template":"","meta":{"_et_pb_use_builder":"","_et_pb_old_content":"","_et_gb_content_width":"","_tribe_events_status":"","_tribe_events_status_reason":"","_tribe_events_is_hybrid":"","_tribe_events_is_virtual":"","_tribe_events_virtual_video_source":"","_tribe_events_virtual_embed_video":"","_tribe_events_virtual_linked_button_text":"","_tribe_events_virtual_linked_button":"","_tribe_events_virtual_show_embed_at":"","_tribe_events_virtual_show_embed_to":[],"_tribe_events_virtual_show_on_event":"","_tribe_events_virtual_show_on_views":"","_tribe_events_virtual_url":"","footnotes":""},"tags":[30],"tribe_events_cat":[13,17],"class_list":["post-10000150","tribe_events","type-tribe_events","status-publish","has-post-thumbnail","hentry","tag-sva","tribe_events_cat-presencial","tribe_events_cat-urgencias-medicas-y-quirurgicas","cat_presencial","cat_urgencias-medicas-y-quirurgicas","tribe-recurring-event","tribe-recurring-event-parent"],"_links":{"self":[{"href":"https:\/\/web.iem-emergencia.com\/ca\/wp-json\/wp\/v2\/tribe_events\/10000150","targetHints":{"allow":["GET"]}}],"collection":[{"href":"https:\/\/web.iem-emergencia.com\/ca\/wp-json\/wp\/v2\/tribe_events"}],"about":[{"href":"https:\/\/web.iem-emergencia.com\/ca\/wp-json\/wp\/v2\/types\/tribe_events"}],"author":[{"embeddable":true,"href":"https:\/\/web.iem-emergencia.com\/ca\/wp-json\/wp\/v2\/users\/1"}],"version-history":[{"count":0,"href":"https:\/\/web.iem-emergencia.com\/ca\/wp-json\/wp\/v2\/tribe_events\/10000150\/revisions"}],"wp:featuredmedia":[{"embeddable":true,"href":"https:\/\/web.iem-emergencia.com\/ca\/wp-json\/"}],"wp:attachment":[{"href":"https:\/\/web.iem-emergencia.com\/ca\/wp-json\/wp\/v2\/media?parent=10000150"}],"wp:term":[{"taxonomy":"post_tag","embeddable":true,"href":"https:\/\/web.iem-emergencia.com\/ca\/wp-json\/wp\/v2\/tags?post=10000150"},{"taxonomy":"tribe_events_cat","embeddable":true,"href":"https:\/\/web.iem-emergencia.com\/ca\/wp-json\/wp\/v2\/tribe_events_cat?post=10000150"}],"curies":[{"name":"wp","href":"https:\/\/api.w.org\/{rel}","templated":true}]}}

Suport Vital Avançat

<p><strong>INTRODUCCIÓ</strong><br />
Cada any es produeixen a Espanya al voltant de 40.000 aturades cardíaques: una cada 13 minuts de mitjana. La supervivència dels pacients que pateixen aquest tipus de malalties és d&#039;un 11 %: només en 1 · de cada 5 casos reben maniobres de reanimació, i només el 6% de la població sap fer una reanimació cardiopulmonar (RCP).<br />
Aquesta alta mortalitat pot disminuir si es realitzen una sèrie d&#039;accions, totes importants, que configuren el que s&#039;anomena Cadena de la Supervivència:</p>
<p>1. Reconeixement precoç dels símptomes i activació precoç del sistema d&#039;emergències prehospitalàries<br />
2. Inici ràpid i adequat de les tècniques de Suport Vital Bàsic (SVB)<br />
3. Desfibril·lació precoç<br />
4. Inici ràpid i adequat de les tècniques de Suport Vital Avançat (SVA) i cures post-ressuscitació</p>
<p>Tot i que s&#039;hagi realitzat un SVB i una Desfibril·lació precoç, si les tècniques de SVA i cures post-ressuscitació s&#039;endarrereixen o són inadequades, la “Cadena de Supervivència” es trenca.<br />
El SVA inclou: Suport Vital Bàsic, ocupació d&#039;equip avançat i tècniques especials per establir i mantenir una ventilació i circulació efectives, monitorització ECG, interpretació ECG de 12 derivades, reconeixement i interpretació d&#039;arítmies, establiment i manteniment d&#039;accessos vasculars, tractament de pacients amb atur respiratori i/o pacient. Coronari Agut i, finalment, estratègies per a la ràpida valoració i tractament fibrinolític, si està indicat, als pacients amb AVC isquèmic.</p>
<p><strong>OBJECTIU GENERAL</strong><br />
L&#039;objectiu bàsic dels cursos de SVA és la difusió del substrat teòric i de les habilitats pràctiques que el configuren entre el personal mèdic i d&#039;infermeria, per prevenir i tractar la parada cardiorespiratòria (PCR).</p>
<p><strong>METODOLOGIA</strong></p>
<p>1a FASE NO PRESENCIAL: 12 hores</p>
<p>Es duu a terme de manera en línia a través de la plataforma habilitada pel Consell Catala de Resuscitació (CCR). L&#039;alumne/a haurà de matricular-se de manera individual al curs, després de rebre les indicacions pertinents per part de l&#039;IEM, i seguir les activitats marcades pels consultors del curs tenint en compte els terminis establerts. La fase en línia inclou una avaluació teòrica; la presentació i superació de totes les activitats en línia és imprescindible per poder cursar la fase presencial del curs.</p>
<p>2a FASE PRESENCIAL: 12 hores, dividides en 3 sessions de 4 hores<br />
Aquesta fase inclou 2 avaluacions teòriques, una avaluació pràctica, classes teòriques i estacions pràctiques.</p>
<p><strong>AVALUACIÓ I CERTIFICACIÓ</strong><br />
És obligatori assistir al 100% del curs. Els/les alumnes han de superar satisfactòriament les avaluacions teòriques (es requereix un 70% de respostes correctes) i totes les avaluacions pràctiques.<br />
Els alumnes que superin satisfactòriament el curs rebran:</p>
<p>Certificat oficial emès pel Consell Català de Resuscitació (CCR) reconegut pel Consell Espanyol de RCP segons les guies 2015 de l&#039;European Resuscitation Council (ERC).<br />
Aquest certificat compta amb crèdits del Consell Català de Forrnació Continuada de les Professions Sanitàries.*</p>
<p>*La concessió de crèdits a les activitats formatives acreditades pel CCR depèn directament d&#039;aquest organisme</p>
<p>&nbsp;</p>
<p><strong>PROGRAMA</strong></p>
<p>• Reconeixement del pacient crític<br />
• Metodologia ABCDE<br />
• Prevenció de la parada cardiorespiratòria<br />
• Reconeixement de la PCR<br />
• Aprenentatge de les habilitats no tècniques: treball en equip, lideratge, presa de decisions<br />
• Ressuscitació en centre o àrea sanitària<br />
• Reanimació cardiopulmonar de gran qualitat<br />
• Algorisme del Suport Vital Avançat<br />
• Maneig de la via aèria i de la ventilació<br />
• Arítmies. Monitorització i reconeixement<br />
• Desfibril·lació i cardioversió<br />
• Vies d&#039;administració de fàrmacs<br />
• Fàrmacs<br />
• Cures post ressuscitació</p>

<p>INTRODUCCIÓN Cada año se producen en España alrededor de 40.000 paros cardíacos: uno cada 13 minutos de media. La supervi­vencia de los pacientes que padecen este tipo de dolencias es [&hellip;]</p>
